Last updated on 2025-10-22 11:51:27 CEST.
Flavor | Version | Tinstall | Tcheck | Ttotal | Status | Flags |
---|---|---|---|---|---|---|
r-devel-linux-x86_64-debian-clang | 0.2.0 | 7.55 | 109.15 | 116.70 | NOTE | |
r-devel-linux-x86_64-debian-gcc | 0.2.0 | 5.57 | 73.27 | 78.84 | NOTE | |
r-devel-linux-x86_64-fedora-clang | 0.2.0 | 43.00 | 140.08 | 183.08 | OK | |
r-devel-linux-x86_64-fedora-gcc | 0.2.0 | 18.00 | 137.97 | 155.97 | OK | |
r-devel-windows-x86_64 | 0.2.0 | 9.00 | 102.00 | 111.00 | OK | |
r-patched-linux-x86_64 | 0.2.0 | 8.31 | 95.39 | 103.70 | OK | |
r-release-linux-x86_64 | 0.2.0 | 6.70 | 95.66 | 102.36 | OK | |
r-release-macos-arm64 | 0.2.0 | 2.00 | 38.00 | 40.00 | OK | |
r-release-macos-x86_64 | 0.2.0 | 7.00 | 97.00 | 104.00 | OK | |
r-release-windows-x86_64 | 0.2.0 | 10.00 | 104.00 | 114.00 | OK | |
r-oldrel-macos-arm64 | 0.2.0 | 3.00 | 40.00 | 43.00 | OK | |
r-oldrel-macos-x86_64 | 0.2.0 | 7.00 | 98.00 | 105.00 | OK | |
r-oldrel-windows-x86_64 | 0.2.0 | 12.00 | 133.00 | 145.00 | OK |
Version: 0.2.0
Check: HTML version of manual
Result: NOTE
Found the following HTML validation problems:
berlinbears.html:65:1 (berlinbears.Rd:20): Warning: missing </ul> before </div>
Flavors: r-devel-linux-x86_64-debian-clang, r-devel-linux-x86_64-debian-gcc