Last updated on 2025-10-22 11:51:27 CEST.
Flavor | Version | Tinstall | Tcheck | Ttotal | Status | Flags |
---|---|---|---|---|---|---|
r-devel-linux-x86_64-debian-clang | 3.8-3 | 60.68 | 566.64 | 627.32 | NOTE | |
r-devel-linux-x86_64-debian-gcc | 3.8-3 | 42.24 | 412.13 | 454.37 | NOTE | |
r-devel-linux-x86_64-fedora-clang | 3.8-3 | 299.00 | 728.29 | 1027.29 | OK | |
r-devel-linux-x86_64-fedora-gcc | 3.8-3 | 141.00 | 811.21 | 952.21 | OK | |
r-devel-windows-x86_64 | 3.8-3 | 87.00 | 721.00 | 808.00 | OK | |
r-patched-linux-x86_64 | 3.8-3 | 60.25 | 555.40 | 615.65 | OK | |
r-release-linux-x86_64 | 3.8-3 | 60.98 | 549.70 | 610.68 | OK | |
r-release-macos-arm64 | 3.8-3 | 31.00 | 295.00 | 326.00 | OK | |
r-release-macos-x86_64 | 3.8-3 | 74.00 | 662.00 | 736.00 | OK | |
r-release-windows-x86_64 | 3.8-3 | 90.00 | 741.00 | 831.00 | OK | |
r-oldrel-macos-arm64 | 3.8-3 | 26.00 | 261.00 | 287.00 | NOTE | |
r-oldrel-macos-x86_64 | 3.8-3 | 73.00 | 579.00 | 652.00 | NOTE | |
r-oldrel-windows-x86_64 | 3.8-3 | 108.00 | 812.00 | 920.00 | NOTE |
Version: 3.8-3
Check: top-level files
Result: NOTE
Found the following validation problem for the NEWS.Rd HTML conversion:
NEWS.html:3511:1 (inst/NEWS.Rd:2361): Warning: missing </ul> before </div>
Flavors: r-devel-linux-x86_64-debian-clang, r-devel-linux-x86_64-debian-gcc
Version: 3.8-3
Check: HTML version of manual
Result: NOTE
Found the following HTML validation problems:
print.summary.coxph.html:71:1 (print.summary.coxph.Rd:23): Warning: missing </ul> before </div>
Flavors: r-devel-linux-x86_64-debian-clang, r-devel-linux-x86_64-debian-gcc
Version: 3.8-3
Check: installed package size
Result: NOTE
installed size is 11.0Mb
sub-directories of 1Mb or more:
R 2.0Mb
data 2.3Mb
doc 5.3Mb
Flavors: r-oldrel-macos-arm64, r-oldrel-macos-x86_64, r-oldrel-windows-x86_64