CRAN Package Check Results for Package svrpath

Last updated on 2025-10-21 17:50:04 CEST.

Flavor Version Tinstall Tcheck Ttotal Status Flags
r-devel-linux-x86_64-debian-clang 0.1.2 5.26 41.50 46.76 OK
r-devel-linux-x86_64-debian-gcc 0.1.2 4.00 30.05 34.05 OK
r-devel-linux-x86_64-fedora-clang 0.1.2 24.00 50.44 74.44 OK
r-devel-linux-x86_64-fedora-gcc 0.1.2 12.00 54.93 66.93 OK
r-devel-windows-x86_64 0.1.2 6.00 54.00 60.00 OK
r-patched-linux-x86_64 0.1.2 5.19 39.66 44.85 OK
r-release-linux-x86_64 0.1.2 5.47 39.52 44.99 OK
r-release-macos-arm64 0.1.2 2.00 21.00 23.00 OK
r-release-macos-x86_64 0.1.2 5.00 36.00 41.00 OK
r-release-windows-x86_64 0.1.2 5.00 58.00 63.00 OK
r-oldrel-macos-arm64 0.1.2 3.00 19.00 22.00 NOTE
r-oldrel-macos-x86_64 0.1.2 4.00 29.00 33.00 NOTE
r-oldrel-windows-x86_64 0.1.2 5.00 54.00 59.00 NOTE

Additional issues

donttest

Check Details

Version: 0.1.2
Check: LazyData
Result: NOTE 'LazyData' is specified without a 'data' directory Flavors: r-oldrel-macos-arm64, r-oldrel-macos-x86_64, r-oldrel-windows-x86_64