Last updated on 2025-10-21 23:51:13 CEST.
Flavor | Version | Tinstall | Tcheck | Ttotal | Status | Flags |
---|---|---|---|---|---|---|
r-devel-linux-x86_64-debian-clang | 1.0.1 | 2.91 | 35.50 | 38.41 | NOTE | |
r-devel-linux-x86_64-debian-gcc | 1.0.1 | 2.05 | 26.91 | 28.96 | NOTE | |
r-devel-linux-x86_64-fedora-clang | 1.0.1 | 11.00 | 48.64 | 59.64 | OK | |
r-devel-linux-x86_64-fedora-gcc | 1.0.1 | 54.48 | OK | |||
r-devel-windows-x86_64 | 1.0.1 | 4.00 | 52.00 | 56.00 | OK | |
r-patched-linux-x86_64 | 1.0.1 | 3.20 | 32.96 | 36.16 | OK | |
r-release-linux-x86_64 | 1.0.1 | 1.90 | 33.14 | 35.04 | OK | |
r-release-macos-arm64 | 1.0.1 | 2.00 | 26.00 | 28.00 | OK | |
r-release-macos-x86_64 | 1.0.1 | 3.00 | 38.00 | 41.00 | OK | |
r-release-windows-x86_64 | 1.0.1 | 5.00 | 56.00 | 61.00 | OK | |
r-oldrel-macos-arm64 | 1.0.1 | 2.00 | 19.00 | 21.00 | OK | |
r-oldrel-macos-x86_64 | 1.0.1 | 2.00 | 37.00 | 39.00 | OK | |
r-oldrel-windows-x86_64 | 1.0.1 | 5.00 | 62.00 | 67.00 | OK |
Version: 1.0.1
Check: HTML version of manual
Result: NOTE
Found the following HTML validation problems:
simdata_lasso_binomial.html:85:1 (simdata_lasso_binomial.Rd:31): Warning: missing </ul> before </div>
simdata_lasso_binomial.html:60:1 (simdata_lasso_binomial.Rd:20): Warning: <h4> anchor "+E2+80+98simdata_lasso_binomial+E2+80+99" already defined
Flavors: r-devel-linux-x86_64-debian-clang, r-devel-linux-x86_64-debian-gcc