CRAN Package Check Results for Package switchr

Last updated on 2025-10-21 23:51:13 CEST.

Flavor Version Tinstall Tcheck Ttotal Status Flags
r-devel-linux-x86_64-debian-clang 0.14.8 11.72 98.61 110.33 NOTE
r-devel-linux-x86_64-debian-gcc 0.14.8 5.48 59.08 64.56 NOTE
r-devel-linux-x86_64-fedora-clang 0.14.8 56.00 94.08 150.08 OK
r-devel-linux-x86_64-fedora-gcc 0.14.8 26.00 162.89 188.89 OK
r-devel-windows-x86_64 0.14.8 16.00 135.00 151.00 OK
r-patched-linux-x86_64 0.14.8 13.42 94.90 108.32 OK
r-release-linux-x86_64 0.14.8 10.16 94.39 104.55 OK
r-release-macos-arm64 0.14.8 21.00 97.00 118.00 OK
r-release-macos-x86_64 0.14.8 49.00 189.00 238.00 OK
r-release-windows-x86_64 0.14.8 15.00 168.00 183.00 OK
r-oldrel-macos-arm64 0.14.8 20.00 113.00 133.00 OK
r-oldrel-macos-x86_64 0.14.8 34.00 172.00 206.00 OK
r-oldrel-windows-x86_64 0.14.8 15.00 165.00 180.00 OK

Check Details

Version: 0.14.8
Check: CRAN incoming feasibility
Result: NOTE Maintainer: ‘Gabriel Becker <gabembecker@gmail.com>’ No Authors@R field in DESCRIPTION. Please add one, modifying Authors@R: person(given = "Gabriel", family = "Becker", role = c("aut", "cre"), email = "gabembecker@gmail.com") as necessary. Flavors: r-devel-linux-x86_64-debian-clang, r-devel-linux-x86_64-debian-gcc

Version: 0.14.8
Check: HTML version of manual
Result: NOTE Found the following HTML validation problems: logfun.html:58:1 (logfun.Rd:24): Warning: missing </ul> before </div> makeManifest.html:50:1 (makeManifest.Rd:12): Warning: missing </ul> before </div> Flavors: r-devel-linux-x86_64-debian-clang, r-devel-linux-x86_64-debian-gcc