Last updated on 2025-10-24 18:50:09 CEST.
| Flavor | Version | Tinstall | Tcheck | Ttotal | Status | Flags |
|---|---|---|---|---|---|---|
| r-devel-linux-x86_64-debian-clang | 1.1.0 | 93.40 | 116.25 | 209.65 | OK | |
| r-devel-linux-x86_64-debian-gcc | 1.1.0 | 75.33 | 82.21 | 157.54 | OK | |
| r-devel-linux-x86_64-fedora-clang | 1.1.0 | 309.00 | 30.52 | 339.52 | OK | |
| r-devel-linux-x86_64-fedora-gcc | 1.1.0 | 239.00 | 111.36 | 350.36 | OK | |
| r-devel-windows-x86_64 | 1.1.0 | 98.00 | 152.00 | 250.00 | OK | |
| r-patched-linux-x86_64 | 1.1.0 | 92.79 | 109.45 | 202.24 | OK | |
| r-release-linux-x86_64 | 1.1.0 | 98.04 | 108.53 | 206.57 | OK | |
| r-release-macos-arm64 | 1.1.0 | 50.00 | 47.00 | 97.00 | OK | |
| r-release-macos-x86_64 | 1.1.0 | 113.00 | 91.00 | 204.00 | OK | |
| r-release-windows-x86_64 | 1.1.0 | 98.00 | 150.00 | 248.00 | OK | |
| r-oldrel-macos-arm64 | 1.1.0 | 44.00 | 45.00 | 89.00 | NOTE | |
| r-oldrel-macos-x86_64 | 1.1.0 | 121.00 | 124.00 | 245.00 | NOTE | |
| r-oldrel-windows-x86_64 | 1.1.0 | 120.00 | 190.00 | 310.00 | OK |
Version: 1.1.0
Check: installed package size
Result: NOTE
installed size is 25.0Mb
sub-directories of 1Mb or more:
libs 24.3Mb
Flavors: r-oldrel-macos-arm64, r-oldrel-macos-x86_64