Last updated on 2025-10-24 05:50:58 CEST.
| Flavor | Version | Tinstall | Tcheck | Ttotal | Status | Flags |
|---|---|---|---|---|---|---|
| r-devel-linux-x86_64-debian-clang | 0.1.1 | 42.39 | 116.58 | 158.97 | WARN | |
| r-devel-linux-x86_64-debian-gcc | 0.1.1 | 26.17 | 83.98 | 110.15 | WARN | |
| r-devel-linux-x86_64-fedora-clang | 0.1.1 | 210.00 | 59.02 | 269.02 | NOTE | |
| r-devel-linux-x86_64-fedora-gcc | 0.1.1 | 76.00 | 171.82 | 247.82 | NOTE | |
| r-devel-windows-x86_64 | 0.1.1 | 48.00 | 137.00 | 185.00 | NOTE | |
| r-patched-linux-x86_64 | 0.1.1 | 42.22 | 108.85 | 151.07 | NOTE | |
| r-release-linux-x86_64 | 0.1.1 | 41.33 | 110.04 | 151.37 | NOTE | |
| r-release-macos-arm64 | 0.1.1 | 18.00 | 59.00 | 77.00 | NOTE | |
| r-release-macos-x86_64 | 0.1.1 | 24.00 | 103.00 | 127.00 | NOTE | |
| r-release-windows-x86_64 | 0.1.1 | 53.00 | 134.00 | 187.00 | NOTE | |
| r-oldrel-macos-arm64 | 0.1.1 | 17.00 | 52.00 | 69.00 | NOTE | |
| r-oldrel-macos-x86_64 | 0.1.1 | 22.00 | 84.00 | 106.00 | NOTE | |
| r-oldrel-windows-x86_64 | 0.1.1 | 61.00 | 170.00 | 231.00 | NOTE |
Version: 0.1.1
Check: whether package can be installed
Result: WARN
Found the following significant warnings:
/home/hornik/tmp/R.check/r-devel-clang/Work/build/Packages/RcppArmadillo/include/RcppArmadillo/version/arma.h:66:17: warning: Using fallback compilation with Armadillo 14.6.3. Please consider defining -DARMA_USE_CURRENT and also removing C++11 compilation directive. See GitHub issue #475 for more. [-W#pragma-messages]
See ‘/home/hornik/tmp/R.check/r-devel-clang/Work/PKGS/symphony.Rcheck/00install.out’ for details.
* used C++ compiler: ‘Debian clang version 19.1.7 (7)’
Flavor: r-devel-linux-x86_64-debian-clang
Version: 0.1.1
Check: C++ specification
Result: NOTE
Specified C++11: please drop specification unless essential
Flavors: r-devel-linux-x86_64-debian-clang, r-devel-linux-x86_64-debian-gcc, r-devel-linux-x86_64-fedora-clang, r-devel-linux-x86_64-fedora-gcc, r-devel-windows-x86_64, r-patched-linux-x86_64, r-release-linux-x86_64, r-release-macos-arm64, r-release-macos-x86_64, r-release-windows-x86_64, r-oldrel-macos-arm64, r-oldrel-macos-x86_64, r-oldrel-windows-x86_64
Version: 0.1.1
Check: whether package can be installed
Result: WARN
Found the following significant warnings:
/home/hornik/tmp/R.check/r-devel-gcc/Work/build/Packages/RcppArmadillo/include/RcppArmadillo/version/arma.h:66:199: note: ‘#pragma message: Using fallback compilation with Armadillo 14.6.3. Please consider defining -DARMA_USE_CURRENT and also removing C++11 compilation directive. See GitHub issue #475 for more.’
See ‘/home/hornik/tmp/R.check/r-devel-gcc/Work/PKGS/symphony.Rcheck/00install.out’ for details.
* used C++ compiler: ‘g++-15 (Debian 15.2.0-4) 15.2.0’
Flavor: r-devel-linux-x86_64-debian-gcc