Last updated on 2025-10-21 17:50:04 CEST.
Flavor | Version | Tinstall | Tcheck | Ttotal | Status | Flags |
---|---|---|---|---|---|---|
r-devel-linux-x86_64-debian-clang | 0.3.8 | 3.48 | 36.03 | 39.51 | NOTE | |
r-devel-linux-x86_64-debian-gcc | 0.3.8 | 2.69 | 26.85 | 29.54 | NOTE | |
r-devel-linux-x86_64-fedora-clang | 0.3.8 | 15.00 | 43.73 | 58.73 | NOTE | |
r-devel-linux-x86_64-fedora-gcc | 0.3.8 | 51.90 | NOTE | |||
r-devel-windows-x86_64 | 0.3.8 | 4.00 | 56.00 | 60.00 | NOTE | |
r-patched-linux-x86_64 | 0.3.8 | 3.43 | 32.94 | 36.37 | NOTE | |
r-release-linux-x86_64 | 0.3.8 | 2.76 | 33.31 | 36.07 | NOTE | |
r-release-macos-arm64 | 0.3.8 | 2.00 | 17.00 | 19.00 | NOTE | |
r-release-macos-x86_64 | 0.3.8 | 3.00 | 29.00 | 32.00 | NOTE | |
r-release-windows-x86_64 | 0.3.8 | 4.00 | 62.00 | 66.00 | NOTE | |
r-oldrel-macos-arm64 | 0.3.8 | 2.00 | 16.00 | 18.00 | NOTE | |
r-oldrel-macos-x86_64 | 0.3.8 | 2.00 | 26.00 | 28.00 | NOTE | |
r-oldrel-windows-x86_64 | 0.3.8 | 4.00 | 56.00 | 60.00 | NOTE |
Version: 0.3.8
Check: CRAN incoming feasibility
Result: NOTE
Maintainer: ‘Tarik C. Gouhier <tarik.gouhier@gmail.com>’
No Authors@R field in DESCRIPTION.
Please add one, modifying
Authors@R: person(given = c("Tarik", "C."),
family = "Gouhier",
role = c("aut", "cre"),
email = "tarik.gouhier@gmail.com")
as necessary.
Flavors: r-devel-linux-x86_64-debian-clang, r-devel-linux-x86_64-debian-gcc
Version: 0.3.8
Check: top-level files
Result: NOTE
Found the following validation problem for the NEWS.Rd HTML conversion:
NEWS.html:174:1 (inst/NEWS.Rd:81): Warning: missing </ul> before </div>
NEWS.html:40:1 (inst/NEWS.Rd:14): Warning: <h4> anchor "fixed" already defined
NEWS.html:55:1 (inst/NEWS.Rd:22): Warning: <h4> anchor "fixed" already defined
NEWS.html:86:1 (inst/NEWS.Rd:39): Warning: <h4> anchor "fixed" already defined
NEWS.html:103:1 (inst/NEWS.Rd:49): Warning: <h4> anchor "fixed" already defined
NEWS.html:118:1 (inst/NEWS.Rd:57): Warning: <h4> anchor "fixed" already defined
NEWS.html:133:1 (inst/NEWS.Rd:65): Warning: <h4> anchor "fixed" already defined
NEWS.html:151:1 (inst/NEWS.Rd:74): Warning: <h4> anchor "fixed" already defined
NEWS.html:161:1 (inst/NEWS.Rd:78): Warning: <h4> anchor "added" already defined
Flavors: r-devel-linux-x86_64-debian-clang, r-devel-linux-x86_64-debian-gcc
Version: 0.3.8
Check: Rd files
Result: NOTE
checkRd: (-1) coord2dist.Rd:14: Lost braces; missing escapes or markup?
14 | \code{n} x 4 matrix of coordinates consisting of {lat or y, lon or x} pairs for each each site
| ^
Flavors: r-devel-linux-x86_64-debian-clang, r-devel-linux-x86_64-debian-gcc, r-devel-linux-x86_64-fedora-clang, r-devel-linux-x86_64-fedora-gcc, r-devel-windows-x86_64, r-patched-linux-x86_64, r-release-linux-x86_64, r-release-macos-arm64, r-release-macos-x86_64, r-release-windows-x86_64, r-oldrel-macos-arm64, r-oldrel-macos-x86_64, r-oldrel-windows-x86_64