CRAN Package Check Results for Package tabit

Last updated on 2025-10-21 17:50:04 CEST.

Flavor Version Tinstall Tcheck Ttotal Status Flags
r-devel-linux-x86_64-debian-clang 0.2.1 1.65 21.61 23.26 NOTE
r-devel-linux-x86_64-debian-gcc 0.2.1 1.51 18.22 19.73 NOTE
r-devel-linux-x86_64-fedora-clang 0.2.1 33.87 OK
r-devel-linux-x86_64-fedora-gcc 0.2.1 31.07 OK
r-devel-windows-x86_64 0.2.1 3.00 40.00 43.00 OK
r-patched-linux-x86_64 0.2.1 1.68 19.52 21.20 OK
r-release-linux-x86_64 0.2.1 1.60 19.59 21.19 OK
r-release-macos-arm64 0.2.1 1.00 14.00 15.00 OK
r-release-macos-x86_64 0.2.1 2.00 23.00 25.00 OK
r-release-windows-x86_64 0.2.1 3.00 42.00 45.00 OK
r-oldrel-macos-arm64 0.2.1 1.00 14.00 15.00 NOTE
r-oldrel-macos-x86_64 0.2.1 1.00 20.00 21.00 NOTE
r-oldrel-windows-x86_64 0.2.1 3.00 44.00 47.00 NOTE

Check Details

Version: 0.2.1
Check: HTML version of manual
Result: NOTE Found the following HTML validation problems: tabit.html:50:1 (tabit.Rd:13): Warning: missing </ul> before </div> Flavors: r-devel-linux-x86_64-debian-clang, r-devel-linux-x86_64-debian-gcc

Version: 0.2.1
Check: LazyData
Result: NOTE 'LazyData' is specified without a 'data' directory Flavors: r-oldrel-macos-arm64, r-oldrel-macos-x86_64, r-oldrel-windows-x86_64