Last updated on 2025-10-22 11:51:27 CEST.
Flavor | Version | Tinstall | Tcheck | Ttotal | Status | Flags |
---|---|---|---|---|---|---|
r-devel-linux-x86_64-debian-clang | 0.1.5 | 2.32 | 28.26 | 30.58 | NOTE | |
r-devel-linux-x86_64-debian-gcc | 0.1.5 | 1.66 | 21.91 | 23.57 | NOTE | |
r-devel-linux-x86_64-fedora-clang | 0.1.5 | 12.00 | 32.47 | 44.47 | OK | |
r-devel-linux-x86_64-fedora-gcc | 0.1.5 | 40.44 | OK | |||
r-devel-windows-x86_64 | 0.1.5 | 4.00 | 46.00 | 50.00 | OK | |
r-patched-linux-x86_64 | 0.1.5 | 2.42 | 25.53 | 27.95 | OK | |
r-release-linux-x86_64 | 0.1.5 | 2.34 | 25.73 | 28.07 | OK | |
r-release-macos-arm64 | 0.1.5 | 2.00 | 21.00 | 23.00 | OK | |
r-release-macos-x86_64 | 0.1.5 | 2.00 | 29.00 | 31.00 | OK | |
r-release-windows-x86_64 | 0.1.5 | 4.00 | 48.00 | 52.00 | OK | |
r-oldrel-macos-arm64 | 0.1.5 | 1.00 | 17.00 | 18.00 | OK | |
r-oldrel-macos-x86_64 | 0.1.5 | 2.00 | 25.00 | 27.00 | OK | |
r-oldrel-windows-x86_64 | 0.1.5 | 4.00 | 58.00 | 62.00 | OK |
Version: 0.1.5
Check: CRAN incoming feasibility
Result: NOTE
Maintainer: ‘Carl Boettiger <cboettig@gmail.com>’
The BugReports field in DESCRIPTION has
https://github.com/cboettig/taxalight
which should likely be
https://github.com/cboettig/taxalight/issues
instead.
Flavors: r-devel-linux-x86_64-debian-clang, r-devel-linux-x86_64-debian-gcc