Last updated on 2025-10-21 23:51:13 CEST.
Flavor | Version | Tinstall | Tcheck | Ttotal | Status | Flags |
---|---|---|---|---|---|---|
r-devel-linux-x86_64-debian-clang | 0.5.0 | 4.28 | 77.57 | 81.85 | NOTE | |
r-devel-linux-x86_64-debian-gcc | 0.5.0 | 2.63 | 56.37 | 59.00 | NOTE | |
r-devel-linux-x86_64-fedora-clang | 0.5.0 | 52.00 | 85.54 | 137.54 | OK | |
r-devel-linux-x86_64-fedora-gcc | 0.5.0 | 10.00 | 121.56 | 131.56 | OK | |
r-devel-windows-x86_64 | 0.5.0 | 8.00 | 99.00 | 107.00 | OK | |
r-patched-linux-x86_64 | 0.5.0 | 4.44 | 72.29 | 76.73 | OK | |
r-release-linux-x86_64 | 0.5.0 | 4.28 | 72.67 | 76.95 | OK | |
r-release-macos-arm64 | 0.5.0 | 2.00 | 123.00 | 125.00 | OK | |
r-release-macos-x86_64 | 0.5.0 | 4.00 | 84.00 | 88.00 | OK | |
r-release-windows-x86_64 | 0.5.0 | 8.00 | 100.00 | 108.00 | OK | |
r-oldrel-macos-arm64 | 0.5.0 | 2.00 | 54.00 | 56.00 | OK | |
r-oldrel-macos-x86_64 | 0.5.0 | 5.00 | 104.00 | 109.00 | OK | |
r-oldrel-windows-x86_64 | 0.5.0 | 9.00 | 120.00 | 129.00 | OK |
Version: 0.5.0
Check: HTML version of manual
Result: NOTE
Found the following HTML validation problems:
apply_plot_modifications.html:61:1 (apply_plot_modifications.Rd:18): Warning: missing </ul> before </div>
button_click_observer.html:75:1 (button_click_observer.Rd:29): Warning: missing </ul> before </div>
Flavors: r-devel-linux-x86_64-debian-clang, r-devel-linux-x86_64-debian-gcc