Last updated on 2025-10-24 18:50:10 CEST.
| Flavor | Version | Tinstall | Tcheck | Ttotal | Status | Flags |
|---|---|---|---|---|---|---|
| r-devel-linux-x86_64-debian-clang | 1.1.1 | 140.02 | 41.67 | 181.69 | OK | |
| r-devel-linux-x86_64-debian-gcc | 1.1.1 | 99.20 | 41.99 | 141.19 | OK | |
| r-devel-linux-x86_64-fedora-clang | 1.1.1 | 318.00 | 42.18 | 360.18 | OK | |
| r-devel-linux-x86_64-fedora-gcc | 1.1.1 | 109.00 | 249.04 | 358.04 | OK | |
| r-devel-windows-x86_64 | 1.1.1 | 148.00 | 86.00 | 234.00 | OK | |
| r-patched-linux-x86_64 | 1.1.1 | 149.99 | 52.59 | 202.58 | OK | |
| r-release-linux-x86_64 | 1.1.1 | 143.93 | 52.62 | 196.55 | OK | |
| r-release-macos-arm64 | 1.1.1 | 54.00 | 40.00 | 94.00 | OK | |
| r-release-macos-x86_64 | 1.1.1 | 44.00 | 53.00 | 97.00 | OK | |
| r-release-windows-x86_64 | 1.1.1 | 152.00 | 88.00 | 240.00 | OK | |
| r-oldrel-macos-arm64 | 1.1.1 | 66.00 | 40.00 | 106.00 | NOTE | |
| r-oldrel-macos-x86_64 | 1.1.1 | 39.00 | 42.00 | 81.00 | NOTE | |
| r-oldrel-windows-x86_64 | 1.1.1 | 174.00 | 104.00 | 278.00 | OK |
Version: 1.1.1
Check: installed package size
Result: NOTE
installed size is 14.9Mb
sub-directories of 1Mb or more:
libs 14.8Mb
Flavors: r-oldrel-macos-arm64, r-oldrel-macos-x86_64