Last updated on 2025-10-21 17:50:04 CEST.
Flavor | Version | Tinstall | Tcheck | Ttotal | Status | Flags |
---|---|---|---|---|---|---|
r-devel-linux-x86_64-debian-clang | 0.2.0 | 2.37 | 42.55 | 44.92 | NOTE | |
r-devel-linux-x86_64-debian-gcc | 0.2.0 | 1.94 | 33.05 | 34.99 | NOTE | |
r-devel-linux-x86_64-fedora-clang | 0.2.0 | 11.00 | 58.16 | 69.16 | OK | |
r-devel-linux-x86_64-fedora-gcc | 0.2.0 | 77.91 | OK | |||
r-devel-windows-x86_64 | 0.2.0 | 3.00 | 63.00 | 66.00 | OK | |
r-patched-linux-x86_64 | 0.2.0 | 2.47 | 38.72 | 41.19 | OK | |
r-release-linux-x86_64 | 0.2.0 | 2.43 | 38.12 | 40.55 | OK | |
r-release-macos-arm64 | 0.2.0 | 1.00 | 30.00 | 31.00 | OK | |
r-release-macos-x86_64 | 0.2.0 | 3.00 | 55.00 | 58.00 | OK | |
r-release-windows-x86_64 | 0.2.0 | 5.00 | 64.00 | 69.00 | OK | |
r-oldrel-macos-arm64 | 0.2.0 | 2.00 | 44.00 | 46.00 | OK | |
r-oldrel-macos-x86_64 | 0.2.0 | 2.00 | 43.00 | 45.00 | OK | |
r-oldrel-windows-x86_64 | 0.2.0 | 4.00 | 76.00 | 80.00 | OK |
Version: 0.2.0
Check: HTML version of manual
Result: NOTE
Found the following HTML validation problems:
testex.html:135:1 (testex.Rd:85): Warning: missing </ul> before </div>
Flavors: r-devel-linux-x86_64-debian-clang, r-devel-linux-x86_64-debian-gcc