Last updated on 2025-10-24 11:51:00 CEST.
| Flavor | Version | Tinstall | Tcheck | Ttotal | Status | Flags |
|---|---|---|---|---|---|---|
| r-devel-linux-x86_64-debian-clang | 0.1.0 | 18.17 | 153.33 | 171.50 | OK | |
| r-devel-linux-x86_64-debian-gcc | 0.1.0 | 13.41 | 116.25 | 129.66 | OK | |
| r-devel-linux-x86_64-fedora-clang | 0.1.0 | 80.00 | 196.42 | 276.42 | NOTE | |
| r-devel-linux-x86_64-fedora-gcc | 0.1.0 | 37.00 | 225.68 | 262.68 | NOTE | |
| r-devel-windows-x86_64 | 0.1.0 | 18.00 | 140.00 | 158.00 | OK | |
| r-patched-linux-x86_64 | 0.1.0 | 15.77 | 146.08 | 161.85 | OK | |
| r-release-linux-x86_64 | 0.1.0 | 17.43 | 144.78 | 162.21 | OK | |
| r-release-macos-arm64 | 0.1.0 | 6.00 | 53.00 | 59.00 | OK | |
| r-release-macos-x86_64 | 0.1.0 | 14.00 | 85.00 | 99.00 | OK | |
| r-release-windows-x86_64 | 0.1.0 | 18.00 | 142.00 | 160.00 | OK | |
| r-oldrel-macos-arm64 | 0.1.0 | 7.00 | 67.00 | 74.00 | OK | |
| r-oldrel-macos-x86_64 | 0.1.0 | 14.00 | 113.00 | 127.00 | OK | |
| r-oldrel-windows-x86_64 | 0.1.0 | 24.00 | 187.00 | 211.00 | OK |
Version: 0.1.0
Check: dependencies in R code
Result: NOTE
Namespace in Imports field not imported from: ‘Matrix’
All declared Imports should be used.
Flavors: r-devel-linux-x86_64-fedora-clang, r-devel-linux-x86_64-fedora-gcc