Last updated on 2025-10-22 11:51:28 CEST.
Flavor | Version | Tinstall | Tcheck | Ttotal | Status | Flags |
---|---|---|---|---|---|---|
r-devel-linux-x86_64-debian-clang | 1.0.1 | 12.22 | 77.77 | 89.99 | NOTE | |
r-devel-linux-x86_64-debian-gcc | 1.0.1 | 8.15 | 53.57 | 61.72 | NOTE | |
r-devel-linux-x86_64-fedora-clang | 1.0.1 | 84.00 | 58.92 | 142.92 | OK | |
r-devel-linux-x86_64-fedora-gcc | 1.0.1 | 26.00 | 99.16 | 125.16 | OK | |
r-devel-windows-x86_64 | 1.0.1 | 13.00 | 91.00 | 104.00 | OK | |
r-patched-linux-x86_64 | 1.0.1 | 13.24 | 69.27 | 82.51 | OK | |
r-release-linux-x86_64 | 1.0.1 | 10.61 | 70.39 | 81.00 | OK | |
r-release-macos-arm64 | 1.0.1 | 6.00 | 35.00 | 41.00 | OK | |
r-release-macos-x86_64 | 1.0.1 | 19.00 | 69.00 | 88.00 | OK | |
r-release-windows-x86_64 | 1.0.1 | 13.00 | 96.00 | 109.00 | OK | |
r-oldrel-macos-arm64 | 1.0.1 | 5.00 | 38.00 | 43.00 | OK | |
r-oldrel-macos-x86_64 | 1.0.1 | 19.00 | 79.00 | 98.00 | OK | |
r-oldrel-windows-x86_64 | 1.0.1 | 18.00 | 113.00 | 131.00 | OK |
Version: 1.0.1
Check: HTML version of manual
Result: NOTE
Found the following HTML validation problems:
add_action.html:50:1 (add_action.Rd:12): Warning: missing </ul> before </div>
handle_dir_confirmation.html:54:1 (handle_dir_confirmation.Rd:14): Warning: missing </ul> before </div>
handle_load_project_confirmation.html:62:1 (handle_load_project_confirmation.Rd:18): Warning: missing </ul> before </div>
handle_save_project_confirmation.html:62:1 (handle_save_project_confirmation.Rd:18): Warning: missing </ul> before </div>
handle_storage_confirmation.html:62:1 (handle_storage_confirmation.Rd:18): Warning: missing </ul> before </div>
load_project_from_path.html:54:1 (load_project_from_path.Rd:14): Warning: missing </ul> before </div>
load_selected_project.html:54:1 (load_selected_project.Rd:14): Warning: missing </ul> before </div>
Flavors: r-devel-linux-x86_64-debian-clang, r-devel-linux-x86_64-debian-gcc