Last updated on 2025-10-21 11:53:42 CEST.
Flavor | Version | Tinstall | Tcheck | Ttotal | Status | Flags |
---|---|---|---|---|---|---|
r-devel-linux-x86_64-debian-clang | 0.8.1 | 8.00 | 78.48 | 86.48 | NOTE | |
r-devel-linux-x86_64-debian-gcc | 0.8.1 | 5.91 | 60.25 | 66.16 | NOTE | |
r-devel-linux-x86_64-fedora-clang | 0.8.1 | 143.76 | OK | |||
r-devel-linux-x86_64-fedora-gcc | 0.8.1 | 15.00 | 126.44 | 141.44 | OK | |
r-devel-windows-x86_64 | 0.8.1 | 10.00 | 140.00 | 150.00 | OK | |
r-patched-linux-x86_64 | 0.8.1 | 7.72 | 73.61 | 81.33 | OK | |
r-release-linux-x86_64 | 0.8.1 | 6.66 | 74.52 | 81.18 | OK | |
r-release-macos-arm64 | 0.8.1 | 56.00 | OK | |||
r-release-macos-x86_64 | 0.8.1 | 6.00 | 115.00 | 121.00 | OK | |
r-release-windows-x86_64 | 0.8.1 | 10.00 | 142.00 | 152.00 | OK | |
r-oldrel-macos-arm64 | 0.8.1 | 48.00 | OK | |||
r-oldrel-macos-x86_64 | 0.8.1 | 71.00 | OK | |||
r-oldrel-windows-x86_64 | 0.8.1 | 12.00 | 130.00 | 142.00 | OK |
Version: 0.8.1
Check: HTML version of manual
Result: NOTE
Found the following HTML validation problems:
bake.step_pretrained_text_embedding.html:54:1 (bake.step_pretrained_text_embedding.Rd:14): Warning: missing </ul> before </div>
hub_text_embedding_column.html:59:1 (hub_text_embedding_column.Rd:18): Warning: missing </ul> before </div>
install_tfhub.html:55:1 (install_tfhub.Rd:15): Warning: missing </ul> before </div>
prep.step_pretrained_text_embedding.html:58:1 (prep.step_pretrained_text_embedding.Rd:16): Warning: missing </ul> before </div>
Flavors: r-devel-linux-x86_64-debian-clang, r-devel-linux-x86_64-debian-gcc