CRAN Package Check Results for Package tframe

Last updated on 2025-10-21 17:50:04 CEST.

Flavor Version Tinstall Tcheck Ttotal Status Flags
r-devel-linux-x86_64-debian-clang 2015.12-1.1 2.24 29.46 31.70 NOTE
r-devel-linux-x86_64-debian-gcc 2015.12-1.1 1.94 23.13 25.07 NOTE
r-devel-linux-x86_64-fedora-clang 2015.12-1.1 49.70 OK
r-devel-linux-x86_64-fedora-gcc 2015.12-1.1 58.28 OK
r-devel-windows-x86_64 2015.12-1.1 4.00 56.00 60.00 OK
r-patched-linux-x86_64 2015.12-1.1 2.94 27.38 30.32 OK
r-release-linux-x86_64 2015.12-1.1 2.41 27.43 29.84 OK
r-release-macos-arm64 2015.12-1.1 1.00 24.00 25.00 OK
r-release-macos-x86_64 2015.12-1.1 2.00 39.00 41.00 OK
r-release-windows-x86_64 2015.12-1.1 4.00 63.00 67.00 OK
r-oldrel-macos-arm64 2015.12-1.1 1.00 22.00 23.00 OK
r-oldrel-macos-x86_64 2015.12-1.1 2.00 34.00 36.00 OK
r-oldrel-windows-x86_64 2015.12-1.1 3.00 57.00 60.00 OK

Check Details

Version: 2015.12-1.1
Check: CRAN incoming feasibility
Result: NOTE Maintainer: ‘Paul Gilbert <pgilbert.ttv9z@ncf.ca>’ No Authors@R field in DESCRIPTION. Please add one, modifying Authors@R: person(given = "Paul", family = "Gilbert", role = c("aut", "cre"), email = "pgilbert.ttv9z@ncf.ca") as necessary. Flavors: r-devel-linux-x86_64-debian-clang, r-devel-linux-x86_64-debian-gcc

Version: 2015.12-1.1
Check: HTML version of manual
Result: NOTE Found the following HTML validation problems: classed.html:49:1 (classed.Rd:12): Warning: missing </ul> before </div> seqN.html:45:1 (seqN.Rd:12): Warning: missing </ul> before </div> Flavors: r-devel-linux-x86_64-debian-clang, r-devel-linux-x86_64-debian-gcc