Last updated on 2025-10-22 11:51:28 CEST.
Flavor | Version | Tinstall | Tcheck | Ttotal | Status | Flags |
---|---|---|---|---|---|---|
r-devel-linux-x86_64-debian-clang | 1.0.4 | 6.47 | 64.22 | 70.69 | NOTE | |
r-devel-linux-x86_64-debian-gcc | 1.0.4 | 5.68 | 47.71 | 53.39 | NOTE | |
r-devel-linux-x86_64-fedora-clang | 1.0.4 | 27.00 | 90.00 | 117.00 | OK | |
r-devel-linux-x86_64-fedora-gcc | 1.0.4 | 15.00 | 88.24 | 103.24 | OK | |
r-devel-windows-x86_64 | 1.0.4 | 8.00 | 76.00 | 84.00 | OK | |
r-patched-linux-x86_64 | 1.0.4 | 6.91 | 61.64 | 68.55 | OK | |
r-release-linux-x86_64 | 1.0.4 | 6.44 | 61.48 | 67.92 | OK | |
r-release-macos-arm64 | 1.0.4 | 4.00 | 32.00 | 36.00 | OK | |
r-release-macos-x86_64 | 1.0.4 | 6.00 | 51.00 | 57.00 | OK | |
r-release-windows-x86_64 | 1.0.4 | 8.00 | 77.00 | 85.00 | OK | |
r-oldrel-macos-arm64 | 1.0.4 | 3.00 | 29.00 | 32.00 | OK | |
r-oldrel-macos-x86_64 | 1.0.4 | 5.00 | 43.00 | 48.00 | OK | |
r-oldrel-windows-x86_64 | 1.0.4 | 11.00 | 90.00 | 101.00 | OK |
Version: 1.0.4
Check: CRAN incoming feasibility
Result: NOTE
Maintainer: ‘Man-Hua Chen <mchen@mail.tku.edu.tw>’
No Authors@R field in DESCRIPTION.
Please add one, modifying
Authors@R: person(given = "Man-Hua",
family = "Chen",
role = c("aut", "cre"),
email = "mchen@mail.tku.edu.tw")
as necessary.
Flavors: r-devel-linux-x86_64-debian-clang, r-devel-linux-x86_64-debian-gcc
Version: 1.0.4
Check: HTML version of manual
Result: NOTE
Found the following HTML validation problems:
print.thregI.html:57:1 (print.thregI.Rd:16): Warning: missing </ul> before </div>
print.thregIcure.html:57:1 (print.thregIcure.Rd:16): Warning: missing </ul> before </div>
Flavors: r-devel-linux-x86_64-debian-clang, r-devel-linux-x86_64-debian-gcc