Last updated on 2025-10-23 17:51:05 CEST.
Flavor | Version | Tinstall | Tcheck | Ttotal | Status | Flags |
---|---|---|---|---|---|---|
r-devel-linux-x86_64-debian-clang | 0.1.0 | 10.91 | 88.32 | 99.23 | NOTE | |
r-devel-linux-x86_64-debian-gcc | 0.1.0 | 8.41 | 61.22 | 69.63 | NOTE | |
r-devel-linux-x86_64-fedora-clang | 0.1.0 | 36.00 | 115.72 | 151.72 | NOTE | |
r-devel-linux-x86_64-fedora-gcc | 0.1.0 | 22.00 | 115.23 | 137.23 | NOTE | |
r-devel-windows-x86_64 | 0.1.0 | 12.00 | 91.00 | 103.00 | NOTE | |
r-patched-linux-x86_64 | 0.1.0 | 10.99 | 80.08 | 91.07 | NOTE | |
r-release-linux-x86_64 | 0.1.0 | 10.06 | 79.25 | 89.31 | NOTE | |
r-release-macos-arm64 | 0.1.0 | 4.00 | 37.00 | 41.00 | OK | |
r-release-macos-x86_64 | 0.1.0 | 9.00 | 86.00 | 95.00 | OK | |
r-release-windows-x86_64 | 0.1.0 | 12.00 | 92.00 | 104.00 | NOTE | |
r-oldrel-macos-arm64 | 0.1.0 | 4.00 | 39.00 | 43.00 | OK | |
r-oldrel-macos-x86_64 | 0.1.0 | 6.00 | 91.00 | 97.00 | OK | |
r-oldrel-windows-x86_64 | 0.1.0 | 15.00 | 113.00 | 128.00 | OK |
Version: 0.1.0
Check: Rd cross-references
Result: NOTE
Found the following Rd file(s) with Rd \link{} targets missing package
anchors:
group_by.Rd: group_by_drop_default
Please provide package anchors for all Rd \link{} targets not in the
package itself and the base packages.
Flavors: r-devel-linux-x86_64-debian-clang, r-devel-linux-x86_64-debian-gcc, r-devel-windows-x86_64, r-patched-linux-x86_64, r-release-linux-x86_64, r-release-windows-x86_64
Version: 0.1.0
Check: dependencies in R code
Result: NOTE
Namespace in Imports field not imported from: ‘reticulate’
All declared Imports should be used.
Flavors: r-devel-linux-x86_64-fedora-clang, r-devel-linux-x86_64-fedora-gcc