Last updated on 2025-10-21 17:50:04 CEST.
Flavor | Version | Tinstall | Tcheck | Ttotal | Status | Flags |
---|---|---|---|---|---|---|
r-devel-linux-x86_64-debian-clang | 0.4.6 | 7.93 | 65.86 | 73.79 | NOTE | |
r-devel-linux-x86_64-debian-gcc | 0.4.6 | 5.45 | 46.51 | 51.96 | NOTE | |
r-devel-linux-x86_64-fedora-clang | 0.4.6 | 44.00 | 75.66 | 119.66 | OK | |
r-devel-linux-x86_64-fedora-gcc | 0.4.6 | 14.00 | 106.00 | 120.00 | OK | |
r-devel-windows-x86_64 | 0.4.6 | 10.00 | 78.00 | 88.00 | OK | |
r-patched-linux-x86_64 | 0.4.6 | 7.82 | 60.90 | 68.72 | OK | |
r-release-linux-x86_64 | 0.4.6 | 7.81 | 61.03 | 68.84 | OK | |
r-release-macos-arm64 | 0.4.6 | 3.00 | 37.00 | 40.00 | OK | |
r-release-macos-x86_64 | 0.4.6 | 11.00 | 88.00 | 99.00 | OK | |
r-release-windows-x86_64 | 0.4.6 | 11.00 | 81.00 | 92.00 | OK | |
r-oldrel-macos-arm64 | 0.4.6 | 4.00 | 36.00 | 40.00 | OK | |
r-oldrel-macos-x86_64 | 0.4.6 | 5.00 | 54.00 | 59.00 | OK | |
r-oldrel-windows-x86_64 | 0.4.6 | 15.00 | 97.00 | 112.00 | OK |
Version: 0.4.6
Check: HTML version of manual
Result: NOTE
Found the following HTML validation problems:
td-label-assign.html:70:1 (td-label-assign.Rd:34): Warning: missing </ul> before </div>
tip.label.html:50:1 (tip.label.Rd:12): Warning: missing </ul> before </div>
Flavors: r-devel-linux-x86_64-debian-clang, r-devel-linux-x86_64-debian-gcc