Last updated on 2025-10-24 18:50:10 CEST.
| Flavor | Version | Tinstall | Tcheck | Ttotal | Status | Flags |
|---|---|---|---|---|---|---|
| r-devel-linux-x86_64-debian-clang | 1.1.0 | 44.37 | 473.26 | 517.63 | OK | |
| r-devel-linux-x86_64-debian-gcc | 1.1.0 | 39.10 | 352.71 | 391.81 | OK | |
| r-devel-linux-x86_64-fedora-clang | 1.1.0 | 313.00 | 531.59 | 844.59 | OK | |
| r-devel-linux-x86_64-fedora-gcc | 1.1.0 | 260.00 | 351.89 | 611.89 | OK | |
| r-devel-windows-x86_64 | 1.1.0 | 47.00 | 444.00 | 491.00 | OK | |
| r-patched-linux-x86_64 | 1.1.0 | 48.43 | 452.94 | 501.37 | OK | |
| r-release-linux-x86_64 | 1.1.0 | 46.83 | 455.65 | 502.48 | OK | |
| r-release-macos-arm64 | 1.1.0 | 26.00 | 194.00 | 220.00 | OK | |
| r-release-macos-x86_64 | 1.1.0 | 70.00 | 363.00 | 433.00 | OK | |
| r-release-windows-x86_64 | 1.1.0 | 46.00 | 438.00 | 484.00 | OK | |
| r-oldrel-macos-arm64 | 1.1.0 | 24.00 | 187.00 | 211.00 | NOTE | |
| r-oldrel-macos-x86_64 | 1.1.0 | 35.00 | 264.00 | 299.00 | OK | |
| r-oldrel-windows-x86_64 | 1.1.0 | 63.00 | 567.00 | 630.00 | OK |
Version: 1.1.0
Check: installed package size
Result: NOTE
installed size is 5.1Mb
sub-directories of 1Mb or more:
data 4.5Mb
Flavor: r-oldrel-macos-arm64