Last updated on 2025-10-21 11:53:42 CEST.
Flavor | Version | Tinstall | Tcheck | Ttotal | Status | Flags |
---|---|---|---|---|---|---|
r-devel-linux-x86_64-debian-clang | 1.3.8-4 | 37.70 | 48.83 | 86.53 | NOTE | |
r-devel-linux-x86_64-debian-gcc | 1.3.8-4 | 22.07 | 35.04 | 57.11 | NOTE | |
r-devel-linux-x86_64-fedora-clang | 1.3.8-4 | 138.35 | OK | |||
r-devel-linux-x86_64-fedora-gcc | 1.3.8-4 | 58.00 | 61.71 | 119.71 | OK | |
r-devel-windows-x86_64 | 1.3.8-4 | 43.00 | 73.00 | 116.00 | OK | |
r-patched-linux-x86_64 | 1.3.8-4 | 30.92 | 46.68 | 77.60 | OK | |
r-release-linux-x86_64 | 1.3.8-4 | 29.45 | 46.49 | 75.94 | OK | |
r-release-macos-arm64 | 1.3.8-4 | 44.00 | OK | |||
r-release-macos-x86_64 | 1.3.8-4 | 17.00 | 40.00 | 57.00 | OK | |
r-release-windows-x86_64 | 1.3.8-4 | 43.00 | 82.00 | 125.00 | OK | |
r-oldrel-macos-arm64 | 1.3.8-4 | 53.00 | OK | |||
r-oldrel-macos-x86_64 | 1.3.8-4 | 62.00 | OK | |||
r-oldrel-windows-x86_64 | 1.3.8-4 | 42.00 | 74.00 | 116.00 | OK |
Version: 1.3.8-4
Check: CRAN incoming feasibility
Result: NOTE
Maintainer: ‘Masami Saga <msaga@mtb.biglobe.ne.jp>’
No Authors@R field in DESCRIPTION.
Please add one, modifying
Authors@R: c(person(given = c("The", "Institute", "of", "Statistical"),
family = "Mathematics",
role = "aut"),
person(given = "Masami",
family = "Saga",
role = "cre",
email = "msaga@mtb.biglobe.ne.jp"))
as necessary.
Flavors: r-devel-linux-x86_64-debian-clang, r-devel-linux-x86_64-debian-gcc
Version: 1.3.8-4
Check: HTML version of manual
Result: NOTE
Found the following HTML validation problems:
plot.decomp.html:52:1 (plot.decomp.Rd:13): Warning: missing </ul> before </div>
plot.specmx.html:57:1 (plot.specmx.Rd:15): Warning: missing </ul> before </div>
Flavors: r-devel-linux-x86_64-debian-clang, r-devel-linux-x86_64-debian-gcc