Last updated on 2025-10-21 23:51:14 CEST.
Flavor | Version | Tinstall | Tcheck | Ttotal | Status | Flags |
---|---|---|---|---|---|---|
r-devel-linux-x86_64-debian-clang | 0.3.1 | 4.19 | 47.07 | 51.26 | NOTE | |
r-devel-linux-x86_64-debian-gcc | 0.3.1 | 3.20 | 35.28 | 38.48 | NOTE | |
r-devel-linux-x86_64-fedora-clang | 0.3.1 | 19.00 | 61.48 | 80.48 | OK | |
r-devel-linux-x86_64-fedora-gcc | 0.3.1 | 86.11 | OK | |||
r-devel-windows-x86_64 | 0.3.1 | 6.00 | 66.00 | 72.00 | OK | |
r-patched-linux-x86_64 | 0.3.1 | 4.72 | 43.22 | 47.94 | OK | |
r-release-linux-x86_64 | 0.3.1 | 4.34 | 43.39 | 47.73 | OK | |
r-release-macos-arm64 | 0.3.1 | 2.00 | 31.00 | 33.00 | OK | |
r-release-macos-x86_64 | 0.3.1 | 5.00 | 99.00 | 104.00 | OK | |
r-release-windows-x86_64 | 0.3.1 | 8.00 | 72.00 | 80.00 | OK | |
r-oldrel-macos-arm64 | 0.3.1 | 2.00 | 36.00 | 38.00 | OK | |
r-oldrel-macos-x86_64 | 0.3.1 | 4.00 | 69.00 | 73.00 | OK | |
r-oldrel-windows-x86_64 | 0.3.1 | 7.00 | 77.00 | 84.00 | OK |
Version: 0.3.1
Check: HTML version of manual
Result: NOTE
Found the following HTML validation problems:
yarn.html:197:1 (yarn.Rd:284): Warning: <h5> anchor "Usage" already defined
yarn.html:203:1 (yarn.Rd:288): Warning: <h5> anchor "Examples" already defined
yarn.html:229:1 (yarn.Rd:309): Warning: <h5> anchor "Usage" already defined
yarn.html:235:1 (yarn.Rd:313): Warning: <h5> anchor "Arguments" already defined
yarn.html:250:1 (yarn.Rd:322): Warning: <h5> anchor "Examples" already defined
yarn.html:276:1 (yarn.Rd:343): Warning: <h5> anchor "Usage" already defined
yarn.html:282:1 (yarn.Rd:347): Warning: <h5> anchor "Arguments" already defined
yarn.html:298:1 (yarn.Rd:357): Warning: <h5> anchor "Returns" already defined
yarn.html:305:1 (yarn.Rd:360): Warning: <h5> anchor "Examples" already defined
yarn.html:328:1 (yarn.Rd:378): Warning: <h5> anchor "Usage" already defined
yarn.html:334:1 (yarn.Rd:382): Warning: <h5> anchor "Arguments" already defined
yarn.html:349:1 (yarn.Rd:391): Warning: <h5> anchor "Returns" already defined
yarn.html:366:1 (yarn.Rd:400): Warning: <h5> anchor "Usage" already defined
yarn.html:372:1 (yarn.Rd:404): Warning: <h5> anchor "Arguments" already defined
yarn.html:387:1 (yarn.Rd:413): Warning: <h5> anchor "Returns" already defined
yarn.html:404:1 (yarn.Rd:422): Warning: <h5> anchor "Usage" already defined
yarn.html:410:1 (yarn.Rd:426): Warning: <h5> anchor "Arguments" already defined
yarn.html:425:1 (yarn.Rd:435): Warning: <h5> anchor "Returns" already defined
yarn.html:432:1 (yarn.Rd:438): Warning: <h5> anchor "Examples" already defined
yarn.html:462:1 (yarn.Rd:463): Warning: <h5> anchor "Usage" already defined
yarn.html:468:1 (yarn.Rd:467): Warning: <h5> anchor "Arguments" already defined
yarn.html:485:1 (yarn.Rd:478): Warning: <h5> anchor "Examples" already defined
yarn.html:521:1 (yarn.Rd:509): Warning: <h5> anchor "Usage" already defined
yarn.html:527:1 (yarn.Rd:513): Warning: <h5> anchor "Arguments" already defined
yarn.html:566:1 (yarn.Rd:538): Warning: <h5> anchor "Examples" already defined
yarn.html:590:1 (yarn.Rd:557): Warning: <h5> anchor "Usage" already defined
yarn.html:596:1 (yarn.Rd:561): Warning: <h5> anchor "Arguments" already defined
yarn.html:618:1 (yarn.Rd:577): Warning: <h5> anchor "Details" already defined
yarn.html:635:1 (yarn.Rd:586): Warning: <h5> anchor "Examples" already defined
yarn.html:658:1 (yarn.Rd:604): Warning: <h5> anchor "Usage" already defined
yarn.html:664:1 (yarn.Rd:608): Warning: <h5> anchor "Examples" already defined
yarn.html:686:1 (yarn.Rd:625): Warning: <h5> anchor "Usage" already defined
yarn.html:692:1 (yarn.Rd:629): Warning: <h5> anchor "Examples" already defined
yarn.html:713:1 (yarn.Rd:645): Warning: <h5> anchor "Usage" already defined
yarn.html:719:1 (yarn.Rd:649): Warning: <h5> anchor "Examples" already defined
yarn.html:742:1 (yarn.Rd:667): Warning: <h5> anchor "Usage" already defined
yarn.html:748:1 (yarn.Rd:671): Warning: <h5> anchor "Examples" already defined
yarn.html:770:1 (yarn.Rd:688): Warning: <h5> anchor "Usage" already defined
yarn.html:776:1 (yarn.Rd:692): Warning: <h5> anchor "Arguments" already defined
yarn.html:805:1 (yarn.Rd:706): Warning: <h5> anchor "Examples" already defined
yarn.html:844:1 (yarn.Rd:740): Warning: <h5> anchor "Usage" already defined
yarn.html:850:1 (yarn.Rd:744): Warning: <h5> anchor "Arguments" already defined
Flavors: r-devel-linux-x86_64-debian-clang, r-devel-linux-x86_64-debian-gcc