Last updated on 2025-10-21 17:50:05 CEST.
Flavor | Version | Tinstall | Tcheck | Ttotal | Status | Flags |
---|---|---|---|---|---|---|
r-devel-linux-x86_64-debian-clang | 0.2.5 | 2.45 | 39.17 | 41.62 | NOTE | |
r-devel-linux-x86_64-debian-gcc | 0.2.5 | 1.82 | 30.56 | 32.38 | NOTE | |
r-devel-linux-x86_64-fedora-clang | 0.2.5 | 11.00 | 55.13 | 66.13 | OK | |
r-devel-linux-x86_64-fedora-gcc | 0.2.5 | 74.05 | OK | |||
r-devel-windows-x86_64 | 0.2.5 | 4.00 | 55.00 | 59.00 | OK | |
r-patched-linux-x86_64 | 0.2.5 | 2.26 | 36.15 | 38.41 | OK | |
r-release-linux-x86_64 | 0.2.5 | 2.15 | 35.46 | 37.61 | OK | |
r-release-macos-arm64 | 0.2.5 | 2.00 | 27.00 | 29.00 | OK | |
r-release-macos-x86_64 | 0.2.5 | 3.00 | 60.00 | 63.00 | OK | |
r-release-windows-x86_64 | 0.2.5 | 4.00 | 57.00 | 61.00 | OK | |
r-oldrel-macos-arm64 | 0.2.5 | 1.00 | 62.00 | 63.00 | OK | |
r-oldrel-macos-x86_64 | 0.2.5 | 2.00 | 107.00 | 109.00 | OK | |
r-oldrel-windows-x86_64 | 0.2.5 | 4.00 | 65.00 | 69.00 | OK |
Version: 0.2.5
Check: HTML version of manual
Result: NOTE
Found the following HTML validation problems:
coerce-tiny_labelled.html:68:1 (coerce-tiny_labelled.Rd:26): Warning: missing </ul> before </div>
relevel.tiny_labelled.html:57:1 (relevel.tiny_labelled.Rd:14): Warning: missing </ul> before </div>
Flavors: r-devel-linux-x86_64-debian-clang, r-devel-linux-x86_64-debian-gcc