CRAN Package Check Results for Package tinytest

Last updated on 2025-10-21 17:50:05 CEST.

Flavor Version Tinstall Tcheck Ttotal Status Flags
r-devel-linux-x86_64-debian-clang 1.4.1 2.61 41.45 44.06 NOTE
r-devel-linux-x86_64-debian-gcc 1.4.1 2.05 31.56 33.61 NOTE
r-devel-linux-x86_64-fedora-clang 1.4.1 16.00 50.95 66.95 OK
r-devel-linux-x86_64-fedora-gcc 1.4.1 72.91 OK
r-devel-windows-x86_64 1.4.1 4.00 78.00 82.00 OK
r-patched-linux-x86_64 1.4.1 3.25 39.14 42.39 OK
r-release-linux-x86_64 1.4.1 2.69 39.33 42.02 OK
r-release-macos-arm64 1.4.1 2.00 31.00 33.00 OK
r-release-macos-x86_64 1.4.1 3.00 58.00 61.00 OK
r-release-windows-x86_64 1.4.1 6.00 87.00 93.00 OK
r-oldrel-macos-arm64 1.4.1 2.00 28.00 30.00 OK
r-oldrel-macos-x86_64 1.4.1 2.00 46.00 48.00 OK
r-oldrel-windows-x86_64 1.4.1 4.00 80.00 84.00 OK

Check Details

Version: 1.4.1
Check: HTML version of manual
Result: NOTE Found the following HTML validation problems: puppy.html:56:1 (puppy.Rd:14): Warning: missing </ul> before </div> Flavors: r-devel-linux-x86_64-debian-clang, r-devel-linux-x86_64-debian-gcc