Last updated on 2025-10-24 18:50:11 CEST.
| Flavor | Version | Tinstall | Tcheck | Ttotal | Status | Flags |
|---|---|---|---|---|---|---|
| r-devel-linux-x86_64-debian-clang | 1.3-0.0 | 2.60 | 29.94 | 32.54 | NOTE | |
| r-devel-linux-x86_64-debian-gcc | 1.3-0.0 | 1.92 | 24.45 | 26.37 | NOTE | |
| r-devel-linux-x86_64-fedora-clang | 1.3-0.0 | 11.00 | 41.21 | 52.21 | OK | |
| r-devel-linux-x86_64-fedora-gcc | 1.3-0.0 | 62.08 | OK | |||
| r-devel-windows-x86_64 | 1.3-0.0 | 4.00 | 49.00 | 53.00 | OK | |
| r-patched-linux-x86_64 | 1.3-0.0 | 2.59 | 28.87 | 31.46 | OK | |
| r-release-linux-x86_64 | 1.3-0.0 | 2.54 | 28.63 | 31.17 | OK | |
| r-release-macos-arm64 | 1.3-0.0 | 1.00 | 36.00 | 37.00 | OK | |
| r-release-macos-x86_64 | 1.3-0.0 | 2.00 | 46.00 | 48.00 | OK | |
| r-release-windows-x86_64 | 1.3-0.0 | 5.00 | 51.00 | 56.00 | OK | |
| r-oldrel-macos-arm64 | 1.3-0.0 | 1.00 | 25.00 | 26.00 | OK | |
| r-oldrel-macos-x86_64 | 1.3-0.0 | 2.00 | 38.00 | 40.00 | OK | |
| r-oldrel-windows-x86_64 | 1.3-0.0 | 6.00 | 57.00 | 63.00 | OK |
Version: 1.3-0.0
Check: CRAN incoming feasibility
Result: NOTE
Maintainer: ‘Damian W. Betebenner <dbetebenner@nciea.org>’
Package CITATION file contains call(s) to old-style citEntry(). Please
use bibentry() instead.
Flavors: r-devel-linux-x86_64-debian-clang, r-devel-linux-x86_64-debian-gcc