Last updated on 2025-10-26 05:50:16 CET.
| Flavor | Version | Tinstall | Tcheck | Ttotal | Status | Flags |
|---|---|---|---|---|---|---|
| r-devel-linux-x86_64-debian-clang | 0.6.0 | 24.65 | 145.77 | 170.42 | OK | |
| r-devel-linux-x86_64-debian-gcc | 0.6.0 | 24.86 | 108.96 | 133.82 | OK | |
| r-devel-linux-x86_64-fedora-clang | 0.6.0 | 159.00 | 155.81 | 314.81 | OK | |
| r-devel-linux-x86_64-fedora-gcc | 0.6.0 | 81.00 | 205.94 | 286.94 | OK | |
| r-devel-windows-x86_64 | 0.6.0 | 44.00 | 103.00 | 147.00 | OK | |
| r-patched-linux-x86_64 | 0.6.0 | 23.57 | 140.01 | 163.58 | OK | |
| r-release-linux-x86_64 | 0.6.0 | 23.44 | 139.61 | 163.05 | OK | |
| r-release-macos-arm64 | 0.6.0 | 16.00 | 35.00 | 51.00 | OK | |
| r-release-macos-x86_64 | 0.6.0 | 20.00 | 94.00 | 114.00 | OK | |
| r-release-windows-x86_64 | 0.6.0 | 50.00 | 142.00 | 192.00 | WARN | |
| r-oldrel-macos-arm64 | 0.6.0 | 12.00 | 41.00 | 53.00 | OK | |
| r-oldrel-macos-x86_64 | 0.6.0 | 19.00 | 94.00 | 113.00 | OK | |
| r-oldrel-windows-x86_64 | 0.6.0 | 46.00 | 175.00 | 221.00 | OK |
Version: 0.6.0
Check: whether package can be installed
Result: WARN
Found the following significant warnings:
Warning: Torch libraries are installed but loading them caused a segfault.
See 'd:/Rcompile/CRANpkg/local/4.5/torchvisionlib.Rcheck/00install.out' for details.
* used C++ compiler: 'g++.exe (GCC) 14.2.0'
Flavor: r-release-windows-x86_64