Last updated on 2024-05-26 21:49:32 CEST.
Flavor | Version | Tinstall | Tcheck | Ttotal | Status | Flags |
---|---|---|---|---|---|---|
r-devel-linux-x86_64-debian-clang | 0.6.6 | 20.49 | 70.92 | 91.41 | OK | |
r-devel-linux-x86_64-debian-gcc | 0.6.6 | 15.48 | 52.97 | 68.45 | OK | |
r-devel-linux-x86_64-fedora-clang | 0.6.6 | 113.64 | NOTE | |||
r-devel-linux-x86_64-fedora-gcc | 0.6.6 | 107.29 | NOTE | |||
r-devel-windows-x86_64 | 0.6.6 | 17.00 | 77.00 | 94.00 | OK | |
r-patched-linux-x86_64 | 0.6.6 | 18.89 | 67.65 | 86.54 | OK | |
r-release-linux-x86_64 | 0.6.6 | 14.56 | 64.99 | 79.55 | OK | |
r-release-macos-arm64 | 0.6.6 | 33.00 | NOTE | |||
r-release-windows-x86_64 | 0.6.6 | 17.00 | 79.00 | 96.00 | OK | |
r-oldrel-macos-arm64 | 0.6.6 | 35.00 | OK | |||
r-oldrel-macos-x86_64 | 0.6.6 | 53.00 | NOTE | |||
r-oldrel-windows-x86_64 | 0.6.6 | 20.00 | 87.00 | 107.00 | OK |
Version: 0.6.6
Check: data for non-ASCII characters
Result: NOTE
Note: found 100 marked Latin-1 strings
Note: found 548 marked UTF-8 strings
Flavors: r-devel-linux-x86_64-fedora-clang, r-devel-linux-x86_64-fedora-gcc
Version: 0.6.6
Check: installed package size
Result: NOTE
installed size is 5.6Mb
sub-directories of 1Mb or more:
data 5.2Mb
Flavors: r-release-macos-arm64, r-oldrel-macos-x86_64