CRAN Package Check Results for Package totalcensus

Last updated on 2025-10-22 11:51:29 CEST.

Flavor Version Tinstall Tcheck Ttotal Status Flags
r-devel-linux-x86_64-debian-clang 0.6.6 15.03 58.89 73.92 NOTE
r-devel-linux-x86_64-debian-gcc 0.6.6 10.20 40.28 50.48 NOTE
r-devel-linux-x86_64-fedora-clang 0.6.6 67.00 50.37 117.37 OK
r-devel-linux-x86_64-fedora-gcc 0.6.6 29.00 77.21 106.21 OK
r-devel-windows-x86_64 0.6.6 17.00 77.00 94.00 OK
r-patched-linux-x86_64 0.6.6 15.34 55.03 70.37 OK
r-release-linux-x86_64 0.6.6 14.19 54.89 69.08 OK
r-release-macos-arm64 0.6.6 8.00 33.00 41.00 OK
r-release-macos-x86_64 0.6.6 15.00 51.00 66.00 OK
r-release-windows-x86_64 0.6.6 16.00 78.00 94.00 OK
r-oldrel-macos-arm64 0.6.6 8.00 25.00 33.00 NOTE
r-oldrel-macos-x86_64 0.6.6 11.00 39.00 50.00 NOTE
r-oldrel-windows-x86_64 0.6.6 23.00 92.00 115.00 OK

Check Details

Version: 0.6.6
Check: CRAN incoming feasibility
Result: NOTE Maintainer: ‘Guanglai Li <liguanglai@gmail.com>’ No Authors@R field in DESCRIPTION. Please add one, modifying Authors@R: person(given = "Guanglai", family = "Li", role = c("aut", "cre"), email = "liguanglai@gmail.com") as necessary. Flavors: r-devel-linux-x86_64-debian-clang, r-devel-linux-x86_64-debian-gcc

Version: 0.6.6
Check: HTML version of manual
Result: NOTE Found the following HTML validation problems: download_census.html:56:1 (download_census.Rd:14): Warning: missing </ul> before </div> set_path_to_census.html:47:1 (set_path_to_census.Rd:11): Warning: missing </ul> before </div> Flavors: r-devel-linux-x86_64-debian-clang, r-devel-linux-x86_64-debian-gcc

Version: 0.6.6
Check: installed package size
Result: NOTE installed size is 5.6Mb sub-directories of 1Mb or more: data 5.2Mb Flavors: r-oldrel-macos-arm64, r-oldrel-macos-x86_64