Last updated on 2025-10-21 17:50:07 CEST.
Flavor | Version | Tinstall | Tcheck | Ttotal | Status | Flags |
---|---|---|---|---|---|---|
r-devel-linux-x86_64-debian-clang | 0.8.3 | 23.41 | 47.30 | 70.71 | NOTE | |
r-devel-linux-x86_64-debian-gcc | 0.8.3 | 12.30 | 36.97 | 49.27 | NOTE | |
r-devel-linux-x86_64-fedora-clang | 0.8.3 | 151.00 | -31.67 | 119.33 | OK | |
r-devel-linux-x86_64-fedora-gcc | 0.8.3 | 48.00 | 71.16 | 119.16 | OK | |
r-devel-windows-x86_64 | 0.8.3 | 19.00 | 61.00 | 80.00 | OK | |
r-patched-linux-x86_64 | 0.8.3 | 23.40 | 45.55 | 68.95 | OK | |
r-release-linux-x86_64 | 0.8.3 | 21.83 | 45.66 | 67.49 | OK | |
r-release-macos-arm64 | 0.8.3 | 8.00 | 80.00 | 88.00 | OK | |
r-release-macos-x86_64 | 0.8.3 | 21.00 | 103.00 | 124.00 | OK | |
r-release-windows-x86_64 | 0.8.3 | 19.00 | 63.00 | 82.00 | OK | |
r-oldrel-macos-arm64 | 0.8.3 | 12.00 | 78.00 | 90.00 | OK | |
r-oldrel-macos-x86_64 | 0.8.3 | 25.00 | 96.00 | 121.00 | OK | |
r-oldrel-windows-x86_64 | 0.8.3 | 23.00 | 73.00 | 96.00 | OK |
Version: 0.8.3
Check: HTML version of manual
Result: NOTE
Found the following HTML validation problems:
initialize-methods.html:57:1 (initialize-methods.Rd:19): Warning: missing </ul> before </div>
Flavors: r-devel-linux-x86_64-debian-clang, r-devel-linux-x86_64-debian-gcc