Last updated on 2025-10-24 05:51:01 CEST.
| Flavor | Version | Tinstall | Tcheck | Ttotal | Status | Flags |
|---|---|---|---|---|---|---|
| r-devel-linux-x86_64-debian-clang | 2.4-4 | 10.81 | 94.34 | 105.15 | NOTE | |
| r-devel-linux-x86_64-debian-gcc | 2.4-4 | 6.74 | 64.54 | 71.28 | OK | |
| r-devel-linux-x86_64-fedora-clang | 2.4-4 | 61.00 | 115.77 | 176.77 | OK | |
| r-devel-linux-x86_64-fedora-gcc | 2.4-4 | 25.00 | 148.14 | 173.14 | OK | |
| r-devel-windows-x86_64 | 2.4-4 | 12.00 | 99.00 | 111.00 | OK | |
| r-patched-linux-x86_64 | 2.4-4 | 8.78 | 89.06 | 97.84 | OK | |
| r-release-linux-x86_64 | 2.4-4 | 7.11 | 88.66 | 95.77 | OK | |
| r-release-macos-arm64 | 2.4-4 | 5.00 | 50.00 | 55.00 | OK | |
| r-release-macos-x86_64 | 2.4-4 | 8.00 | 73.00 | 81.00 | OK | |
| r-release-windows-x86_64 | 2.4-4 | 12.00 | 99.00 | 111.00 | OK | |
| r-oldrel-macos-arm64 | 2.4-4 | 4.00 | 44.00 | 48.00 | OK | |
| r-oldrel-macos-x86_64 | 2.4-4 | 7.00 | 73.00 | 80.00 | OK | |
| r-oldrel-windows-x86_64 | 2.4-4 | 16.00 | 125.00 | 141.00 | OK |
Version: 2.4-4
Check: HTML version of manual
Result: NOTE
Found the following HTML validation problems:
tmPlot.html:46:1 (tmPlot.Rd:10): Warning: missing </ul> before </div>
Flavor: r-devel-linux-x86_64-debian-clang