Last updated on 2025-10-21 23:51:16 CEST.
Flavor | Version | Tinstall | Tcheck | Ttotal | Status | Flags |
---|---|---|---|---|---|---|
r-devel-linux-x86_64-debian-clang | 0.1.6 | 837.51 | 509.44 | 1346.95 | NOTE | |
r-devel-linux-x86_64-debian-gcc | 0.1.6 | 752.12 | 437.35 | 1189.47 | NOTE | |
r-devel-linux-x86_64-fedora-clang | 0.1.6 | 4560.00 | -2308.05 | 2251.95 | OK | |
r-devel-linux-x86_64-fedora-gcc | 0.1.6 | 2700.00 | 106.88 | 2806.88 | OK | |
r-devel-windows-x86_64 | 0.1.6 | 978.00 | 659.00 | 1637.00 | OK | |
r-patched-linux-x86_64 | 0.1.6 | 1050.80 | 589.25 | 1640.05 | OK | |
r-release-linux-x86_64 | 0.1.6 | 1054.70 | 584.68 | 1639.38 | OK | |
r-release-macos-arm64 | 0.1.6 | 355.00 | 436.00 | 791.00 | OK | |
r-release-macos-x86_64 | 0.1.6 | 300.00 | 828.00 | 1128.00 | OK | |
r-release-windows-x86_64 | 0.1.6 | 992.00 | 653.00 | 1645.00 | OK | |
r-oldrel-macos-arm64 | 0.1.6 | 178.00 | 151.00 | 329.00 | NOTE | |
r-oldrel-macos-x86_64 | 0.1.6 | 126.00 | 299.00 | 425.00 | NOTE | |
r-oldrel-windows-x86_64 | 0.1.6 | 1093.00 | 844.00 | 1937.00 | NOTE |
Version: 0.1.6
Check: HTML version of manual
Result: NOTE
Found the following HTML validation problems:
print.augbin_fit.html:60:1 (print.augbin_fit.Rd:19): Warning: missing </ul> before </div>
print.crm_fit.html:51:1 (print.crm_fit.Rd:12): Warning: missing </ul> before </div>
print.efftox_fit.html:51:1 (print.efftox_fit.Rd:12): Warning: missing </ul> before </div>
print.nbg_fit.html:51:1 (print.nbg_fit.Rd:12): Warning: missing </ul> before </div>
Flavors: r-devel-linux-x86_64-debian-clang, r-devel-linux-x86_64-debian-gcc
Version: 0.1.6
Check: installed package size
Result: NOTE
installed size is 135.3Mb
sub-directories of 1Mb or more:
doc 3.9Mb
libs 130.3Mb
Flavors: r-oldrel-macos-arm64, r-oldrel-macos-x86_64, r-oldrel-windows-x86_64
Version: 0.1.6
Check: for GNU extensions in Makefiles
Result: NOTE
GNU make is a SystemRequirements.
Flavors: r-oldrel-macos-arm64, r-oldrel-macos-x86_64, r-oldrel-windows-x86_64