Last updated on 2025-10-25 06:49:59 CEST.
| Flavor | Version | Tinstall | Tcheck | Ttotal | Status | Flags |
|---|---|---|---|---|---|---|
| r-devel-linux-x86_64-debian-clang | 1.2.4 | 0.29 | 2.62 | 2.91 | ERROR | |
| r-devel-linux-x86_64-debian-gcc | 1.2.4 | 0.32 | 2.18 | 2.50 | ERROR | |
| r-devel-linux-x86_64-fedora-clang | 1.2.4 | 2.80 | ERROR | |||
| r-devel-linux-x86_64-fedora-gcc | 1.2.4 | 2.84 | ERROR | |||
| r-devel-windows-x86_64 | 1.2.4 | 5.00 | 5.00 | 10.00 | ERROR | |
| r-patched-linux-x86_64 | 1.2.4 | 0.30 | 2.05 | 2.35 | ERROR | |
| r-release-linux-x86_64 | 1.2.4 | 0.35 | 2.05 | 2.40 | ERROR | |
| r-release-macos-arm64 | 1.2.4 | 4.00 | 43.00 | 47.00 | OK | |
| r-release-macos-x86_64 | 1.2.4 | 10.00 | 81.00 | 91.00 | OK | |
| r-release-windows-x86_64 | 1.2.4 | 5.00 | 5.00 | 10.00 | ERROR | |
| r-oldrel-macos-arm64 | 1.2.4 | 4.00 | 44.00 | 48.00 | OK | |
| r-oldrel-macos-x86_64 | 1.2.4 | 6.00 | 64.00 | 70.00 | OK | |
| r-oldrel-windows-x86_64 | 1.2.4 | 6.00 | 9.00 | 15.00 | ERROR |
Version: 1.2.4
Check: package dependencies
Result: ERROR
Package required but not available: ‘ggtern’
See section ‘The DESCRIPTION file’ in the ‘Writing R Extensions’
manual.
Flavors: r-devel-linux-x86_64-debian-clang, r-devel-linux-x86_64-debian-gcc, r-devel-linux-x86_64-fedora-clang, r-devel-linux-x86_64-fedora-gcc, r-patched-linux-x86_64, r-release-linux-x86_64
Version: 1.2.4
Check: whether package can be installed
Result: ERROR
Installation failed.
Flavors: r-devel-windows-x86_64, r-release-windows-x86_64, r-oldrel-windows-x86_64