CRAN Package Check Results for Package tropAlgebra

Last updated on 2025-10-22 23:50:17 CEST.

Flavor Version Tinstall Tcheck Ttotal Status Flags
r-devel-linux-x86_64-debian-clang 0.1.1 1.98 19.84 21.82 OK
r-devel-linux-x86_64-debian-gcc 0.1.1 1.61 16.32 17.93 OK
r-devel-linux-x86_64-fedora-clang 0.1.1 32.87 OK
r-devel-linux-x86_64-fedora-gcc 0.1.1 30.74 OK
r-devel-windows-x86_64 0.1.1 3.00 36.00 39.00 OK
r-patched-linux-x86_64 0.1.1 2.08 18.56 20.64 OK
r-release-linux-x86_64 0.1.1 1.85 18.48 20.33 OK
r-release-macos-arm64 0.1.1 1.00 13.00 14.00 OK
r-release-macos-x86_64 0.1.1 2.00 23.00 25.00 OK
r-release-windows-x86_64 0.1.1 3.00 40.00 43.00 OK
r-oldrel-macos-arm64 0.1.1 1.00 12.00 13.00 NOTE
r-oldrel-macos-x86_64 0.1.1 2.00 18.00 20.00 NOTE
r-oldrel-windows-x86_64 0.1.1 3.00 38.00 41.00 NOTE

Check Details

Version: 0.1.1
Check: LazyData
Result: NOTE 'LazyData' is specified without a 'data' directory Flavors: r-oldrel-macos-arm64, r-oldrel-macos-x86_64, r-oldrel-windows-x86_64