Last updated on 2024-05-26 21:49:33 CEST.
Flavor | Version | Tinstall | Tcheck | Ttotal | Status | Flags |
---|---|---|---|---|---|---|
r-devel-linux-x86_64-debian-clang | 0.4.15 | 55.58 | 136.29 | 191.87 | NOTE | |
r-devel-linux-x86_64-debian-gcc | 0.4.15 | 42.10 | 95.16 | 137.26 | NOTE | |
r-devel-linux-x86_64-fedora-clang | 0.4.15 | 250.78 | NOTE | |||
r-devel-linux-x86_64-fedora-gcc | 0.4.15 | 263.88 | NOTE | |||
r-devel-windows-x86_64 | 0.4.15 | 49.00 | 146.00 | 195.00 | NOTE | |
r-patched-linux-x86_64 | 0.4.15 | 50.72 | 126.67 | 177.39 | NOTE | |
r-release-linux-x86_64 | 0.4.15 | 47.65 | 124.10 | 171.75 | NOTE | |
r-release-macos-arm64 | 0.4.15 | 66.00 | NOTE | |||
r-release-windows-x86_64 | 0.4.15 | 47.00 | 148.00 | 195.00 | NOTE | |
r-oldrel-macos-arm64 | 0.4.15 | 71.00 | NOTE | |||
r-oldrel-macos-x86_64 | 0.4.15 | 114.00 | NOTE | |||
r-oldrel-windows-x86_64 | 0.4.15 | 60.00 | 168.00 | 228.00 | NOTE |
Version: 0.4.15
Check: C++ specification
Result: NOTE
Specified C++11: please drop specification unless essential
Flavors: r-devel-linux-x86_64-debian-clang, r-devel-linux-x86_64-debian-gcc, r-devel-linux-x86_64-fedora-clang, r-devel-linux-x86_64-fedora-gcc, r-devel-windows-x86_64, r-patched-linux-x86_64, r-release-linux-x86_64, r-release-macos-arm64, r-release-windows-x86_64, r-oldrel-macos-arm64, r-oldrel-macos-x86_64, r-oldrel-windows-x86_64
Version: 0.4.15
Check: for GNU extensions in Makefiles
Result: NOTE
GNU make is a SystemRequirements.
Flavors: r-devel-linux-x86_64-debian-clang, r-devel-linux-x86_64-debian-gcc, r-devel-linux-x86_64-fedora-clang, r-devel-linux-x86_64-fedora-gcc, r-devel-windows-x86_64, r-patched-linux-x86_64, r-release-linux-x86_64, r-release-macos-arm64, r-release-windows-x86_64, r-oldrel-macos-arm64, r-oldrel-macos-x86_64, r-oldrel-windows-x86_64
Version: 0.4.15
Check: installed package size
Result: NOTE
installed size is 6.3Mb
sub-directories of 1Mb or more:
data 4.6Mb
Flavors: r-devel-linux-x86_64-fedora-clang, r-devel-windows-x86_64, r-release-macos-arm64, r-release-windows-x86_64, r-oldrel-macos-arm64, r-oldrel-macos-x86_64, r-oldrel-windows-x86_64