Last updated on 2025-10-22 05:51:31 CEST.
Flavor | Version | Tinstall | Tcheck | Ttotal | Status | Flags |
---|---|---|---|---|---|---|
r-devel-linux-x86_64-debian-clang | 1.4.1 | 5.83 | 114.04 | 119.87 | NOTE | |
r-devel-linux-x86_64-debian-gcc | 1.4.1 | 4.77 | 86.27 | 91.04 | NOTE | |
r-devel-linux-x86_64-fedora-clang | 1.4.1 | 37.00 | 163.49 | 200.49 | OK | |
r-devel-linux-x86_64-fedora-gcc | 1.4.1 | 13.00 | 187.85 | 200.85 | OK | |
r-devel-windows-x86_64 | 1.4.1 | 8.00 | 126.00 | 134.00 | OK | |
r-patched-linux-x86_64 | 1.4.1 | 6.04 | 110.69 | 116.73 | OK | |
r-release-linux-x86_64 | 1.4.1 | 6.26 | 109.88 | 116.14 | OK | |
r-release-macos-arm64 | 1.4.1 | 4.00 | 70.00 | 74.00 | OK | |
r-release-macos-x86_64 | 1.4.1 | 6.00 | 134.00 | 140.00 | OK | |
r-release-windows-x86_64 | 1.4.1 | 7.00 | 133.00 | 140.00 | OK | |
r-oldrel-macos-arm64 | 1.4.1 | 3.00 | 59.00 | 62.00 | OK | |
r-oldrel-macos-x86_64 | 1.4.1 | 5.00 | 91.00 | 96.00 | OK | |
r-oldrel-windows-x86_64 | 1.4.1 | 10.00 | 166.00 | 176.00 | OK |
Version: 1.4.1
Check: HTML version of manual
Result: NOTE
Found the following HTML validation problems:
plot.tvem.html:92:1 (plot.tvem.Rd:41): Warning: missing </ul> before </div>
print.tvem.html:55:1 (print.tvem.Rd:14): Warning: missing </ul> before </div>
Flavors: r-devel-linux-x86_64-debian-clang, r-devel-linux-x86_64-debian-gcc