CRAN Package Check Results for Package twang

Last updated on 2025-10-21 11:53:44 CEST.

Flavor Version Tinstall Tcheck Ttotal Status Flags
r-devel-linux-x86_64-debian-clang 2.6.1 20.85 140.44 161.29 NOTE --no-vignettes
r-devel-linux-x86_64-debian-gcc 2.6.1 11.85 99.39 111.24 NOTE --no-vignettes
r-devel-linux-x86_64-fedora-clang 2.6.1 368.97 OK
r-devel-linux-x86_64-fedora-gcc 2.6.1 39.00 317.16 356.16 OK
r-devel-windows-x86_64 2.6.1 22.00 128.00 150.00 OK --no-vignettes
r-patched-linux-x86_64 2.6.1 19.94 132.88 152.82 OK --no-vignettes
r-release-linux-x86_64 2.6.1 19.34 131.63 150.97 OK --no-vignettes
r-release-macos-arm64 2.6.1 114.00 OK
r-release-macos-x86_64 2.6.1 16.00 180.00 196.00 OK
r-release-windows-x86_64 2.6.1 23.00 157.00 180.00 OK --no-vignettes
r-oldrel-macos-arm64 2.6.1 101.00 OK
r-oldrel-macos-x86_64 2.6.1 317.00 OK
r-oldrel-windows-x86_64 2.6.1 31.00 170.00 201.00 OK --no-vignettes

Check Details

Version: 2.6.1
Flags: --no-vignettes
Check: CRAN incoming feasibility
Result: NOTE Maintainer: ‘Lane Burgette <burgette@rand.org>’ No Authors@R field in DESCRIPTION. Please add one, modifying Authors@R: c(person(given = "Matthew", family = "Cefalu", role = "aut"), person(given = "Greg", family = "Ridgeway", role = "aut"), person(given = "Dan", family = "McCaffrey", role = "aut"), person(given = "Andrew", family = "Morral", role = "aut"), person(given = c("Beth", "Ann"), family = "Griffin", role = "aut"), person(given = "Lane", family = "Burgette", role = c("aut", "cre"), email = "burgette@rand.org")) as necessary. Flavors: r-devel-linux-x86_64-debian-clang, r-devel-linux-x86_64-debian-gcc

Version: 2.6.1
Flags: --no-vignettes
Check: HTML version of manual
Result: NOTE Found the following HTML validation problems: displayPlots.html:62:1 (displayPlots.Rd:18): Warning: missing </ul> before </div> plot.dxwts.html:80:1 (plot.dxwts.Rd:28): Warning: missing </ul> before </div> plot.mniptw.html:141:1 (plot.mniptw.Rd:71): Warning: missing </ul> before </div> print.dxwts.html:51:1 (print.dxwts.Rd:12): Warning: missing </ul> before </div> print.iptw.html:51:1 (print.iptw.Rd:12): Warning: missing </ul> before </div> print.mniptw.html:51:1 (print.mniptw.Rd:12): Warning: missing </ul> before </div> print.mnps.html:51:1 (print.mnps.Rd:12): Warning: missing </ul> before </div> print.ps.html:51:1 (print.ps.Rd:12): Warning: missing </ul> before </div> print.summary.iptw.html:51:1 (print.summary.iptw.Rd:12): Warning: missing </ul> before </div> print.summary.mniptw.html:51:1 (print.summary.mniptw.Rd:12): Warning: missing </ul> before </div> print.summary.mnps.html:51:1 (print.summary.mnps.Rd:12): Warning: missing </ul> before </div> print.summary.ps.html:51:1 (print.summary.ps.Rd:12): Warning: missing </ul> before </div> summary.mniptw.html:51:1 (summary.mniptw.Rd:12): Warning: missing </ul> before </div> Flavors: r-devel-linux-x86_64-debian-clang, r-devel-linux-x86_64-debian-gcc