Last updated on 2025-10-21 17:50:07 CEST.
Flavor | Version | Tinstall | Tcheck | Ttotal | Status | Flags |
---|---|---|---|---|---|---|
r-devel-linux-x86_64-debian-clang | 0.2.2 | 3.16 | 39.31 | 42.47 | NOTE | |
r-devel-linux-x86_64-debian-gcc | 0.2.2 | 2.23 | 30.55 | 32.78 | NOTE | |
r-devel-linux-x86_64-fedora-clang | 0.2.2 | 16.00 | 52.04 | 68.04 | NOTE | |
r-devel-linux-x86_64-fedora-gcc | 0.2.2 | 75.99 | NOTE | |||
r-devel-windows-x86_64 | 0.2.2 | 7.00 | 57.00 | 64.00 | NOTE | |
r-patched-linux-x86_64 | 0.2.2 | 2.35 | 37.65 | 40.00 | NOTE | |
r-release-linux-x86_64 | 0.2.2 | 2.88 | 37.65 | 40.53 | NOTE | |
r-release-macos-arm64 | 0.2.2 | 6.00 | 58.00 | 64.00 | NOTE | |
r-release-macos-x86_64 | 0.2.2 | 5.00 | 57.00 | 62.00 | NOTE | |
r-release-windows-x86_64 | 0.2.2 | 7.00 | 59.00 | 66.00 | NOTE | |
r-oldrel-macos-arm64 | 0.2.2 | 3.00 | 33.00 | 36.00 | OK | |
r-oldrel-macos-x86_64 | 0.2.2 | 4.00 | 49.00 | 53.00 | OK | |
r-oldrel-windows-x86_64 | 0.2.2 | 7.00 | 66.00 | 73.00 | OK |
Version: 0.2.2
Check: compiled code
Result: NOTE
File ‘typetracer/libs/typetracer.so’:
Found non-API call to R: ‘SET_BODY’
Compiled code should not call non-API entry points in R.
See ‘Writing portable packages’ in the ‘Writing R Extensions’ manual,
and section ‘Moving into C API compliance’ for issues with the use of
non-API entry points.
Flavors: r-devel-linux-x86_64-debian-clang, r-devel-linux-x86_64-debian-gcc, r-devel-linux-x86_64-fedora-clang, r-devel-linux-x86_64-fedora-gcc, r-patched-linux-x86_64, r-release-linux-x86_64, r-release-macos-arm64, r-release-macos-x86_64
Version: 0.2.2
Check: compiled code
Result: NOTE
File 'typetracer/libs/x64/typetracer.dll':
Found non-API call to R: 'SET_BODY'
Compiled code should not call non-API entry points in R.
See 'Writing portable packages' in the 'Writing R Extensions' manual,
and section 'Moving into C API compliance' for issues with the use of
non-API entry points.
Flavors: r-devel-windows-x86_64, r-release-windows-x86_64