Last updated on 2025-10-24 11:51:03 CEST.
| Flavor | Version | Tinstall | Tcheck | Ttotal | Status | Flags |
|---|---|---|---|---|---|---|
| r-devel-linux-x86_64-debian-clang | 0.2.10.0 | 20.31 | 101.48 | 121.79 | NOTE | |
| r-devel-linux-x86_64-debian-gcc | 0.2.10.0 | 14.64 | 75.01 | 89.65 | NOTE | |
| r-devel-linux-x86_64-fedora-clang | 0.2.10.0 | 68.00 | 139.80 | 207.80 | OK | |
| r-devel-linux-x86_64-fedora-gcc | 0.2.10.0 | 53.00 | 157.26 | 210.26 | OK | |
| r-devel-windows-x86_64 | 0.2.10.0 | 25.00 | 162546.00 | 162571.00 | OK | |
| r-patched-linux-x86_64 | 0.2.10.0 | 22.28 | 97.67 | 119.95 | OK | |
| r-release-linux-x86_64 | 0.2.10.0 | 21.70 | 98.08 | 119.78 | OK | |
| r-release-macos-arm64 | 0.2.10.0 | 10.00 | 55.00 | 65.00 | OK | |
| r-release-macos-x86_64 | 0.2.10.0 | 17.00 | 103.00 | 120.00 | OK | |
| r-release-windows-x86_64 | 0.2.10.0 | 28.00 | 154.00 | 182.00 | OK | |
| r-oldrel-macos-arm64 | 0.2.10.0 | 10.00 | 53.00 | 63.00 | OK | |
| r-oldrel-macos-x86_64 | 0.2.10.0 | 13.00 | 78.00 | 91.00 | OK | |
| r-oldrel-windows-x86_64 | 0.2.10.0 | 31.00 | 174.00 | 205.00 | OK |
Version: 0.2.10.0
Check: CRAN incoming feasibility
Result: NOTE
Maintainer: ‘Tomasz Konopka <tokonopka@gmail.com>’
The Description field contains
(2018) in <arXiv:1802.03426>. This package provides an interface for
Please refer to arXiv e-prints via their arXiv DOI <doi:10.48550/arXiv.YYMM.NNNNN>.
Flavors: r-devel-linux-x86_64-debian-clang, r-devel-linux-x86_64-debian-gcc