Last updated on 2025-10-24 05:51:01 CEST.
| Flavor | Version | Tinstall | Tcheck | Ttotal | Status | Flags |
|---|---|---|---|---|---|---|
| r-devel-linux-x86_64-debian-clang | 0.1.0 | 1.66 | 23.76 | 25.42 | OK | |
| r-devel-linux-x86_64-debian-gcc | 0.1.0 | 1.51 | 19.25 | 20.76 | OK | |
| r-devel-linux-x86_64-fedora-clang | 0.1.0 | 12.00 | 26.02 | 38.02 | OK | |
| r-devel-linux-x86_64-fedora-gcc | 0.1.0 | 47.51 | OK | |||
| r-devel-windows-x86_64 | 0.1.0 | 3.00 | 40.00 | 43.00 | OK | |
| r-patched-linux-x86_64 | 0.1.0 | 2.06 | 21.47 | 23.53 | OK | |
| r-release-linux-x86_64 | 0.1.0 | 1.61 | 21.32 | 22.93 | OK | |
| r-release-macos-arm64 | 0.1.0 | 1.00 | 27.00 | 28.00 | OK | |
| r-release-macos-x86_64 | 0.1.0 | 2.00 | 41.00 | 43.00 | OK | |
| r-release-windows-x86_64 | 0.1.0 | 3.00 | 44.00 | 47.00 | OK | |
| r-oldrel-macos-arm64 | 0.1.0 | 1.00 | 19.00 | 20.00 | NOTE | |
| r-oldrel-macos-x86_64 | 0.1.0 | 2.00 | 30.00 | 32.00 | NOTE | |
| r-oldrel-windows-x86_64 | 0.1.0 | 3.00 | 47.00 | 50.00 | NOTE |
Version: 0.1.0
Check: LazyData
Result: NOTE
'LazyData' is specified without a 'data' directory
Flavors: r-oldrel-macos-arm64, r-oldrel-macos-x86_64, r-oldrel-windows-x86_64