CRAN Package Check Results for Package unifed

Last updated on 2025-10-21 17:50:07 CEST.

Flavor Version Tinstall Tcheck Ttotal Status Flags
r-devel-linux-x86_64-debian-clang 1.1.6 3.01 36.16 39.17 NOTE
r-devel-linux-x86_64-debian-gcc 1.1.6 2.50 29.37 31.87 NOTE
r-devel-linux-x86_64-fedora-clang 1.1.6 15.00 46.03 61.03 OK
r-devel-linux-x86_64-fedora-gcc 1.1.6 71.25 OK
r-devel-windows-x86_64 1.1.6 6.00 54.00 60.00 OK
r-patched-linux-x86_64 1.1.6 2.98 34.51 37.49 OK
r-release-linux-x86_64 1.1.6 2.60 34.44 37.04 OK
r-release-macos-arm64 1.1.6 3.00 30.00 33.00 OK
r-release-macos-x86_64 1.1.6 5.00 48.00 53.00 OK
r-release-windows-x86_64 1.1.6 7.00 57.00 64.00 OK
r-oldrel-macos-arm64 1.1.6 2.00 25.00 27.00 OK
r-oldrel-macos-x86_64 1.1.6 3.00 41.00 44.00 OK
r-oldrel-windows-x86_64 1.1.6 7.00 61.00 68.00 OK

Check Details

Version: 1.1.6
Check: CRAN incoming feasibility
Result: NOTE Maintainer: ‘Oscar Alberto Quijano Xacur <oscar.quijano@use.startmail.com>’ No Authors@R field in DESCRIPTION. Please add one, modifying Authors@R: person(given = c("Oscar", "Alberto", "Quijano"), family = "Xacur", role = c("aut", "cre"), email = "oscar.quijano@use.startmail.com") as necessary. Package CITATION file contains call(s) to old-style citEntry(). Please use bibentry() instead. Flavors: r-devel-linux-x86_64-debian-clang, r-devel-linux-x86_64-debian-gcc

Version: 1.1.6
Check: HTML version of manual
Result: NOTE Found the following HTML validation problems: summary_unifed_glm.html:55:1 (summary_unifed_glm.Rd:17): Warning: missing </ul> before </div> Flavors: r-devel-linux-x86_64-debian-clang, r-devel-linux-x86_64-debian-gcc