Last updated on 2024-05-08 01:48:30 CEST.
Flavor | Version | Tinstall | Tcheck | Ttotal | Status | Flags |
---|---|---|---|---|---|---|
r-devel-linux-x86_64-debian-clang | 1.4.1 | 571.70 | 333.01 | 904.71 | NOTE | |
r-devel-linux-x86_64-debian-gcc | 1.4.1 | 443.90 | 342.78 | 786.68 | NOTE | |
r-devel-linux-x86_64-fedora-clang | 1.4.1 | 1255.64 | NOTE | |||
r-devel-linux-x86_64-fedora-gcc | 1.4.1 | 1452.17 | NOTE | |||
r-devel-windows-x86_64 | 1.4.1 | 429.00 | 315.00 | 744.00 | NOTE | |
r-patched-linux-x86_64 | 1.4.1 | 507.00 | 381.38 | 888.38 | NOTE | |
r-release-linux-x86_64 | 1.4.1 | 490.10 | 394.12 | 884.22 | NOTE | |
r-release-macos-arm64 | 1.4.1 | 243.00 | NOTE | |||
r-release-windows-x86_64 | 1.4.1 | 424.00 | 318.00 | 742.00 | NOTE | |
r-oldrel-macos-arm64 | 1.4.1 | 217.00 | NOTE | |||
r-oldrel-macos-x86_64 | 1.4.1 | 387.00 | NOTE | |||
r-oldrel-windows-x86_64 | 1.4.1 | 532.00 | 391.00 | 923.00 | NOTE |
Version: 1.4.1
Check: for GNU extensions in Makefiles
Result: NOTE
GNU make is a SystemRequirements.
Flavors: r-devel-linux-x86_64-debian-clang, r-devel-linux-x86_64-debian-gcc, r-devel-linux-x86_64-fedora-clang, r-devel-linux-x86_64-fedora-gcc, r-devel-windows-x86_64, r-patched-linux-x86_64, r-release-linux-x86_64, r-release-macos-arm64, r-release-windows-x86_64, r-oldrel-macos-arm64, r-oldrel-macos-x86_64, r-oldrel-windows-x86_64
Version: 1.4.1
Check: installed package size
Result: NOTE
installed size is 6.2Mb
sub-directories of 1Mb or more:
R 1.4Mb
doc 1.4Mb
libs 2.5Mb
Flavors: r-devel-linux-x86_64-fedora-clang, r-devel-windows-x86_64, r-release-macos-arm64, r-release-windows-x86_64, r-oldrel-macos-arm64, r-oldrel-macos-x86_64, r-oldrel-windows-x86_64