CRAN Package Check Results for Package unmconf

Last updated on 2025-10-24 11:51:03 CEST.

Flavor Version Tinstall Tcheck Ttotal Status Flags
r-devel-linux-x86_64-debian-clang 1.0.0 4.92 96.64 101.56 NOTE
r-devel-linux-x86_64-debian-gcc 1.0.0 3.61 62.48 66.09 NOTE
r-devel-linux-x86_64-fedora-clang 1.0.0 32.00 129.26 161.26 NOTE
r-devel-linux-x86_64-fedora-gcc 1.0.0 10.00 161.78 171.78 NOTE
r-devel-windows-x86_64 1.0.0 6.00 116.00 122.00 NOTE
r-patched-linux-x86_64 1.0.0 3.94 91.93 95.87 NOTE
r-release-linux-x86_64 1.0.0 2.97 93.42 96.39 NOTE
r-release-macos-arm64 1.0.0 2.00 51.00 53.00 NOTE
r-release-macos-x86_64 1.0.0 4.00 107.00 111.00 NOTE
r-release-windows-x86_64 1.0.0 6.00 117.00 123.00 NOTE
r-oldrel-macos-arm64 1.0.0 2.00 52.00 54.00 OK
r-oldrel-macos-x86_64 1.0.0 4.00 95.00 99.00 OK
r-oldrel-windows-x86_64 1.0.0 8.00 145.00 153.00 OK

Check Details

Version: 1.0.0
Check: DESCRIPTION meta-information
Result: NOTE Missing dependency on R >= 4.1.0 because package code uses the pipe |> or function shorthand \(...) syntax added in R 4.1.0. File(s) using such syntax: ‘runm.Rd’ ‘unm_summary.R’ Flavors: r-devel-linux-x86_64-debian-clang, r-devel-linux-x86_64-debian-gcc, r-devel-linux-x86_64-fedora-clang, r-devel-linux-x86_64-fedora-gcc, r-devel-windows-x86_64, r-patched-linux-x86_64, r-release-linux-x86_64, r-release-macos-arm64, r-release-windows-x86_64

Version: 1.0.0
Check: DESCRIPTION meta-information
Result: NOTE Missing dependency on R >= 4.1.0 because package code uses the pipe |> or function shorthand \(...) syntax added in R 4.1.0. File(s) using such syntax: ‘unm_summary.R’ Flavor: r-release-macos-x86_64