Last updated on 2025-10-21 17:50:07 CEST.
Flavor | Version | Tinstall | Tcheck | Ttotal | Status | Flags |
---|---|---|---|---|---|---|
r-devel-linux-x86_64-debian-clang | 0.1.0 | 3.16 | 31.29 | 34.45 | NOTE | |
r-devel-linux-x86_64-debian-gcc | 0.1.0 | 1.88 | 24.58 | 26.46 | NOTE | |
r-devel-linux-x86_64-fedora-clang | 0.1.0 | 23.00 | 30.41 | 53.41 | NOTE | |
r-devel-linux-x86_64-fedora-gcc | 0.1.0 | 48.05 | NOTE | |||
r-devel-windows-x86_64 | 0.1.0 | 5.00 | 47.00 | 52.00 | NOTE | |
r-patched-linux-x86_64 | 0.1.0 | 3.13 | 28.85 | 31.98 | NOTE | |
r-release-linux-x86_64 | 0.1.0 | 3.21 | 28.69 | 31.90 | NOTE | |
r-release-macos-arm64 | 0.1.0 | 2.00 | 20.00 | 22.00 | NOTE | |
r-release-macos-x86_64 | 0.1.0 | 2.00 | 27.00 | 29.00 | NOTE | |
r-release-windows-x86_64 | 0.1.0 | 5.00 | 49.00 | 54.00 | NOTE | |
r-oldrel-macos-arm64 | 0.1.0 | 2.00 | 18.00 | 20.00 | OK | |
r-oldrel-macos-x86_64 | 0.1.0 | 2.00 | 26.00 | 28.00 | OK | |
r-oldrel-windows-x86_64 | 0.1.0 | 6.00 | 55.00 | 61.00 | OK |
Version: 0.1.0
Check: DESCRIPTION meta-information
Result: NOTE
Missing dependency on R >= 4.2.0 because package code uses the pipe
placeholder syntax added in R 4.2.0.
File(s) using such syntax:
‘available_version.R’
Flavors: r-devel-linux-x86_64-debian-clang, r-devel-linux-x86_64-debian-gcc, r-devel-linux-x86_64-fedora-clang, r-devel-linux-x86_64-fedora-gcc, r-devel-windows-x86_64, r-patched-linux-x86_64, r-release-linux-x86_64, r-release-macos-arm64, r-release-macos-x86_64, r-release-windows-x86_64