CRAN Package Check Results for Package uptasticsearch

Last updated on 2025-10-22 11:51:30 CEST.

Flavor Version Tinstall Tcheck Ttotal Status Flags
r-devel-linux-x86_64-debian-clang 1.0.0 4.33 42.82 47.15 NOTE
r-devel-linux-x86_64-debian-gcc 1.0.0 3.02 31.84 34.86 NOTE
r-devel-linux-x86_64-fedora-clang 1.0.0 29.00 48.20 77.20 OK
r-devel-linux-x86_64-fedora-gcc 1.0.0 80.86 OK
r-devel-windows-x86_64 1.0.0 6.00 57.00 63.00 OK
r-patched-linux-x86_64 1.0.0 4.33 39.29 43.62 OK
r-release-linux-x86_64 1.0.0 4.17 39.23 43.40 OK
r-release-macos-arm64 1.0.0 3.00 34.00 37.00 OK
r-release-macos-x86_64 1.0.0 4.00 53.00 57.00 OK
r-release-windows-x86_64 1.0.0 7.00 60.00 67.00 OK
r-oldrel-macos-arm64 1.0.0 2.00 31.00 33.00 OK
r-oldrel-macos-x86_64 1.0.0 4.00 56.00 60.00 OK
r-oldrel-windows-x86_64 1.0.0 10.00 70.00 80.00 OK

Check Details

Version: 1.0.0
Check: HTML version of manual
Result: NOTE Found the following HTML validation problems: doc_shared.html:51:1 (doc_shared.Rd:15): Warning: missing </ul> before </div> Flavors: r-devel-linux-x86_64-debian-clang, r-devel-linux-x86_64-debian-gcc