Last updated on 2025-10-24 05:51:02 CEST.
| Flavor | Version | Tinstall | Tcheck | Ttotal | Status | Flags |
|---|---|---|---|---|---|---|
| r-devel-linux-x86_64-debian-clang | 1.0.2 | 1.73 | 22.24 | 23.97 | OK | |
| r-devel-linux-x86_64-debian-gcc | 1.0.2 | 1.40 | 18.29 | 19.69 | OK | |
| r-devel-linux-x86_64-fedora-clang | 1.0.2 | 37.41 | OK | |||
| r-devel-linux-x86_64-fedora-gcc | 1.0.2 | 49.25 | OK | |||
| r-devel-windows-x86_64 | 1.0.2 | 3.00 | 41.00 | 44.00 | OK | |
| r-patched-linux-x86_64 | 1.0.2 | 1.78 | 21.12 | 22.90 | OK | |
| r-release-linux-x86_64 | 1.0.2 | 1.52 | 21.23 | 22.75 | OK | |
| r-release-macos-arm64 | 1.0.2 | 2.00 | 33.00 | 35.00 | OK | |
| r-release-macos-x86_64 | 1.0.2 | 2.00 | 33.00 | 35.00 | OK | |
| r-release-windows-x86_64 | 1.0.2 | 4.00 | 44.00 | 48.00 | OK | |
| r-oldrel-macos-arm64 | 1.0.2 | 1.00 | 23.00 | 24.00 | NOTE | |
| r-oldrel-macos-x86_64 | 1.0.2 | 2.00 | 33.00 | 35.00 | NOTE | |
| r-oldrel-windows-x86_64 | 1.0.2 | 4.00 | 53.00 | 57.00 | NOTE |
Version: 1.0.2
Check: LazyData
Result: NOTE
'LazyData' is specified without a 'data' directory
Flavors: r-oldrel-macos-arm64, r-oldrel-macos-x86_64, r-oldrel-windows-x86_64