CRAN Package Check Results for Package uscoauditlog

Last updated on 2025-10-21 17:50:07 CEST.

Flavor Version Tinstall Tcheck Ttotal Status Flags
r-devel-linux-x86_64-debian-clang 1.0.3 3.91 32.14 36.05 NOTE
r-devel-linux-x86_64-debian-gcc 1.0.3 3.01 25.10 28.11 NOTE
r-devel-linux-x86_64-fedora-clang 1.0.3 28.00 29.36 57.36 OK
r-devel-linux-x86_64-fedora-gcc 1.0.3 52.06 OK
r-devel-windows-x86_64 1.0.3 5.00 48.00 53.00 OK
r-patched-linux-x86_64 1.0.3 4.04 30.67 34.71 OK
r-release-linux-x86_64 1.0.3 3.33 30.52 33.85 OK
r-release-macos-arm64 1.0.3 2.00 18.00 20.00 OK
r-release-macos-x86_64 1.0.3 4.00 32.00 36.00 OK
r-release-windows-x86_64 1.0.3 8.00 50.00 58.00 OK
r-oldrel-macos-arm64 1.0.3 2.00 19.00 21.00 OK
r-oldrel-macos-x86_64 1.0.3 3.00 28.00 31.00 OK
r-oldrel-windows-x86_64 1.0.3 7.00 57.00 64.00 OK

Check Details

Version: 1.0.3
Check: CRAN incoming feasibility
Result: NOTE Maintainer: ‘Frederick Liu <sliu85@u.rochester.edu>’ No Authors@R field in DESCRIPTION. Please add one, modifying Authors@R: person(given = "Frederick", family = "Liu", role = c("aut", "cre"), email = "sliu85@u.rochester.edu") as necessary. Flavors: r-devel-linux-x86_64-debian-clang, r-devel-linux-x86_64-debian-gcc