Last updated on 2025-10-25 06:50:00 CEST.
| Flavor | Version | Tinstall | Tcheck | Ttotal | Status | Flags |
|---|---|---|---|---|---|---|
| r-devel-linux-x86_64-debian-clang | 0.7.2 | 2.93 | 66.62 | 69.55 | OK | |
| r-devel-linux-x86_64-debian-gcc | 0.7.2 | 2.27 | 44.89 | 47.16 | OK | |
| r-devel-linux-x86_64-fedora-clang | 0.7.2 | 15.00 | 98.53 | 113.53 | NOTE | |
| r-devel-linux-x86_64-fedora-gcc | 0.7.2 | 120.16 | NOTE | |||
| r-devel-windows-x86_64 | 0.7.2 | 7.00 | 84.00 | 91.00 | OK | |
| r-patched-linux-x86_64 | 0.7.2 | 3.31 | 62.91 | 66.22 | OK | |
| r-release-linux-x86_64 | 0.7.2 | 3.14 | 62.76 | 65.90 | OK | |
| r-release-macos-arm64 | 0.7.2 | 3.00 | 66.00 | 69.00 | OK | |
| r-release-macos-x86_64 | 0.7.2 | 3.00 | 71.00 | 74.00 | OK | |
| r-release-windows-x86_64 | 0.7.2 | 6.00 | 86.00 | 92.00 | OK | |
| r-oldrel-macos-arm64 | 0.7.2 | 2.00 | 38.00 | 40.00 | OK | |
| r-oldrel-macos-x86_64 | 0.7.2 | 2.00 | 50.00 | 52.00 | OK | |
| r-oldrel-windows-x86_64 | 0.7.2 | 7.00 | 106.00 | 113.00 | OK |
Version: 0.7.2
Check: dependencies in R code
Result: NOTE
Namespace in Imports field not imported from: ‘testthat’
All declared Imports should be used.
Flavors: r-devel-linux-x86_64-fedora-clang, r-devel-linux-x86_64-fedora-gcc