CRAN Package Check Results for Package varclust

Last updated on 2025-10-21 11:53:44 CEST.

Flavor Version Tinstall Tcheck Ttotal Status Flags
r-devel-linux-x86_64-debian-clang 0.9.4 2.88 37.31 40.19 NOTE
r-devel-linux-x86_64-debian-gcc 0.9.4 1.98 28.71 30.69 NOTE
r-devel-linux-x86_64-fedora-clang 0.9.4 61.62 OK
r-devel-linux-x86_64-fedora-gcc 0.9.4 72.52 OK
r-devel-windows-x86_64 0.9.4 4.00 143.00 147.00 OK
r-patched-linux-x86_64 0.9.4 3.20 34.51 37.71 OK
r-release-linux-x86_64 0.9.4 2.73 34.52 37.25 OK
r-release-macos-arm64 0.9.4 77.00 OK
r-release-macos-x86_64 0.9.4 2.00 164.00 166.00 OK
r-release-windows-x86_64 0.9.4 4.00 146.00 150.00 OK
r-oldrel-macos-arm64 0.9.4 66.00 OK
r-oldrel-macos-x86_64 0.9.4 115.00 OK
r-oldrel-windows-x86_64 0.9.4 6.00 202.00 208.00 OK

Check Details

Version: 0.9.4
Check: CRAN incoming feasibility
Result: NOTE Maintainer: ‘Piotr Sobczyk <pj.sobczyk@gmail.com>’ No Authors@R field in DESCRIPTION. Please add one, modifying Authors@R: c(person(given = "Piotr", family = "Sobczyk", role = c("aut", "cre"), email = "pj.sobczyk@gmail.com"), person(given = "Stanislaw", family = "Wilczynski", role = "aut"), person(given = "Julie", family = "Josse", role = "aut"), person(given = "Malgorzata", family = "Bogdan", role = "aut")) as necessary. Flavors: r-devel-linux-x86_64-debian-clang, r-devel-linux-x86_64-debian-gcc

Version: 0.9.4
Check: HTML version of manual
Result: NOTE Found the following HTML validation problems: plot.mlcc.fit.html:51:1 (plot.mlcc.fit.Rd:12): Warning: missing </ul> before </div> print.mlcc.fit.html:51:1 (print.mlcc.fit.Rd:12): Warning: missing </ul> before </div> print.mlcc.reps.fit.html:52:1 (print.mlcc.reps.fit.Rd:13): Warning: missing </ul> before </div> show.clusters.html:50:1 (show.clusters.Rd:12): Warning: missing </ul> before </div> Flavors: r-devel-linux-x86_64-debian-clang, r-devel-linux-x86_64-debian-gcc