CRAN Package Check Results for Package vasicekreg

Last updated on 2025-10-21 17:50:08 CEST.

Flavor Version Tinstall Tcheck Ttotal Status Flags
r-devel-linux-x86_64-debian-clang 1.0.1 18.75 63.73 82.48 NOTE
r-devel-linux-x86_64-debian-gcc 1.0.1 13.99 49.11 63.10 NOTE
r-devel-linux-x86_64-fedora-clang 1.0.1 114.00 26.67 140.67 NOTE
r-devel-linux-x86_64-fedora-gcc 1.0.1 46.00 83.21 129.21 NOTE
r-devel-windows-x86_64 1.0.1 26.00 89.00 115.00 NOTE
r-patched-linux-x86_64 1.0.1 20.86 61.55 82.41 NOTE
r-release-linux-x86_64 1.0.1 20.24 62.08 82.32 NOTE
r-release-macos-arm64 1.0.1 9.00 33.00 42.00 NOTE
r-release-macos-x86_64 1.0.1 15.00 63.00 78.00 NOTE
r-release-windows-x86_64 1.0.1 25.00 90.00 115.00 NOTE
r-oldrel-macos-arm64 1.0.1 10.00 30.00 40.00 NOTE
r-oldrel-macos-x86_64 1.0.1 12.00 46.00 58.00 NOTE
r-oldrel-windows-x86_64 1.0.1 29.00 110.00 139.00 NOTE

Check Details

Version: 1.0.1
Check: package subdirectories
Result: NOTE Problems with news in ‘NEWS.md’: No news entries found. Flavors: r-devel-linux-x86_64-debian-clang, r-devel-linux-x86_64-debian-gcc, r-devel-linux-x86_64-fedora-clang, r-devel-linux-x86_64-fedora-gcc, r-devel-windows-x86_64, r-patched-linux-x86_64, r-release-linux-x86_64, r-release-macos-arm64, r-release-macos-x86_64, r-release-windows-x86_64, r-oldrel-macos-arm64, r-oldrel-macos-x86_64, r-oldrel-windows-x86_64