Last updated on 2025-10-21 23:51:17 CEST.
Flavor | Version | Tinstall | Tcheck | Ttotal | Status | Flags |
---|---|---|---|---|---|---|
r-devel-linux-x86_64-debian-clang | 1.0.8 | 15.60 | 34.59 | 50.19 | NOTE | |
r-devel-linux-x86_64-debian-gcc | 1.0.8 | 8.57 | 26.75 | 35.32 | NOTE | |
r-devel-linux-x86_64-fedora-clang | 1.0.8 | 242.00 | -107.23 | 134.77 | NOTE | |
r-devel-linux-x86_64-fedora-gcc | 1.0.8 | 33.00 | 38.85 | 71.85 | NOTE | |
r-devel-windows-x86_64 | 1.0.8 | 22.00 | 71.00 | 93.00 | OK | |
r-patched-linux-x86_64 | 1.0.8 | 12.35 | 30.80 | 43.15 | NOTE | |
r-release-linux-x86_64 | 1.0.8 | 12.00 | 30.86 | 42.86 | NOTE | |
r-release-macos-arm64 | 1.0.8 | 35.00 | 23.00 | 58.00 | NOTE | |
r-release-macos-x86_64 | 1.0.8 | 73.00 | 32.00 | 105.00 | NOTE | |
r-release-windows-x86_64 | 1.0.8 | 21.00 | 70.00 | 91.00 | OK | |
r-oldrel-macos-arm64 | 1.0.8 | 32.00 | 19.00 | 51.00 | NOTE | |
r-oldrel-macos-x86_64 | 1.0.8 | 60.00 | 30.00 | 90.00 | NOTE | |
r-oldrel-windows-x86_64 | 1.0.8 | 82.00 | 83.00 | 165.00 | OK |
Version: 1.0.8
Check: C++ specification
Result: NOTE
Specified C++11: please drop specification unless essential
Flavors: r-devel-linux-x86_64-debian-clang, r-devel-linux-x86_64-debian-gcc, r-devel-linux-x86_64-fedora-clang, r-devel-linux-x86_64-fedora-gcc, r-patched-linux-x86_64, r-release-linux-x86_64, r-release-macos-arm64, r-release-macos-x86_64, r-oldrel-macos-arm64, r-oldrel-macos-x86_64
Version: 1.0.8
Check: HTML version of manual
Result: NOTE
Found the following HTML validation problems:
write_svg.html:59:1 (write_svg.Rd:16): Warning: missing </ul> before </div>
Flavors: r-devel-linux-x86_64-debian-clang, r-devel-linux-x86_64-debian-gcc